Dec 02 09:59:08.902 INFO testing 0xc0dec/shiny against master#8940af3cea4a9a9deabcaf843b2f8cad9a83fc61 for beta-1.31-5
Dec 02 09:59:08.902 INFO running `"docker" "create" "-v" "/mnt/big/crater/work/local/target-dirs/beta-1.31-5/worker-1/master#8940af3cea4a9a9deabcaf843b2f8cad9a83fc61:/target:rw,Z" "-v" "/mnt/big/crater/work/local/test-source/worker-1/beta-1.31-5/master#8940af3cea4a9a9deabcaf843b2f8cad9a83fc61:/source:ro,Z" "-v" "/mnt/big/crater/work/local/cargo-home:/cargo-home:ro,Z" "-v" "/mnt/big/crater/work/local/rustup-home:/rustup-home:ro,Z" "-e" "USER_ID=1000" "-e" "SOURCE_DIR=/source" "-e" "USER_ID=1000" "-e" "CMD=cargo +8940af3cea4a9a9deabcaf843b2f8cad9a83fc61-alt build --frozen" "-e" "CARGO_TARGET_DIR=/target" "-e" "CARGO_INCREMENTAL=0" "-e" "RUST_BACKTRACE=full" "-e" "RUSTFLAGS=--cap-lints=warn" "-e" "CARGO_HOME=/cargo-home" "-e" "RUSTUP_HOME=/rustup-home" "-m" "1536M" "--network" "none" "crater"`
Dec 02 09:59:09.187 INFO [stdout] b18fb5849056505b2babf558895d36bef38c3735f44aff80398fc16d3ff7a1f5
Dec 02 09:59:09.187 INFO running `"docker" "start" "-a" "b18fb5849056505b2babf558895d36bef38c3735f44aff80398fc16d3ff7a1f5"`
Dec 02 09:59:09.821 INFO [stderr] usermod: no changes
Dec 02 09:59:10.111 INFO [stderr]    Compiling proc-macro2 v0.4.20
Dec 02 09:59:10.127 INFO [stderr]    Compiling alga v0.7.2
Dec 02 09:59:10.127 INFO [stderr]    Compiling crossbeam-deque v0.5.2
Dec 02 09:59:10.127 INFO [stderr]    Compiling glsl-to-spirv v0.1.7
Dec 02 09:59:10.127 INFO [stderr]    Compiling crossbeam-channel v0.2.6
Dec 02 09:59:29.477 INFO [stderr]    Compiling crossbeam v0.4.1
Dec 02 09:59:30.472 INFO [stderr]    Compiling nalgebra v0.16.8
Dec 02 09:59:33.736 INFO [stderr] error: failed to run custom build command for `glsl-to-spirv v0.1.7`
Dec 02 09:59:33.736 INFO [stderr] process didn't exit successfully: `/target/debug/build/glsl-to-spirv-9b2ad06b65530251/build-script-build` (exit code: 101)
Dec 02 09:59:33.736 INFO [stderr] --- stdout
Dec 02 09:59:33.736 INFO [stderr] cargo:rerun-if-changed=build/glslangValidator.exe
Dec 02 09:59:33.736 INFO [stderr] running: "cmake" "/cargo-home/registry/src/github.com-1ecc6299db9ec823/glsl-to-spirv-0.1.7/glslang" "-DCMAKE_INSTALL_PREFIX=/target/debug/build/glsl-to-spirv-0047e85bf69d2707/out" "-DCMAKE_C_FLAGS= -ffunction-sections -fdata-sections -fPIC -m64" "-DCMAKE_C_COMPILER=/usr/bin/cc" "-DCMAKE_CXX_FLAGS= -ffunction-sections -fdata-sections -fPIC -m64" "-DCMAKE_CXX_COMPILER=/usr/bin/c++" "-DCMAKE_BUILD_TYPE=Debug"
Dec 02 09:59:33.736 INFO [stderr] -- Google Mock was not found - tests based on that will not build
Dec 02 09:59:33.736 INFO [stderr] -- Configuring done
Dec 02 09:59:33.736 INFO [stderr] -- Generating done
Dec 02 09:59:33.737 INFO [stderr] -- Build files have been written to: /target/debug/build/glsl-to-spirv-0047e85bf69d2707/out/build
Dec 02 09:59:33.737 INFO [stderr] running: "cmake" "--build" "." "--target" "install" "--config" "Debug" "--"
Dec 02 09:59:33.737 INFO [stderr] [ 14%] Built target HLSL
Dec 02 09:59:33.737 INFO [stderr] [ 17%] Built target glslang-default-resource-limits
Dec 02 09:59:33.737 INFO [stderr] [ 21%] Built target OSDependent
Dec 02 09:59:33.737 INFO [stderr] [ 24%] Built target OGLCompiler
Dec 02 09:59:33.737 INFO [stderr] [ 29%] Built target SPVRemapper
Dec 02 09:59:33.737 INFO [stderr] [ 31%] Building CXX object glslang/CMakeFiles/glslang.dir/MachineIndependent/ParseContextBase.cpp.o
Dec 02 09:59:33.737 INFO [stderr] [ 33%] Building CXX object glslang/CMakeFiles/glslang.dir/MachineIndependent/limits.cpp.o
Dec 02 09:59:33.737 INFO [stderr] [ 35%] Building CXX object glslang/CMakeFiles/glslang.dir/MachineIndependent/Versions.cpp.o
Dec 02 09:59:33.737 INFO [stderr] [ 36%] Building CXX object glslang/CMakeFiles/glslang.dir/MachineIndependent/ParseHelper.cpp.o
Dec 02 09:59:33.737 INFO [stderr] [ 38%] Building CXX object glslang/CMakeFiles/glslang.dir/MachineIndependent/linkValidate.cpp.o
Dec 02 09:59:33.737 INFO [stderr] [ 40%] Building CXX object glslang/CMakeFiles/glslang.dir/MachineIndependent/parseConst.cpp.o
Dec 02 09:59:33.737 INFO [stderr] [ 42%] Building CXX object glslang/CMakeFiles/glslang.dir/MachineIndependent/reflection.cpp.o
Dec 02 09:59:33.737 INFO [stderr] [ 43%] Building CXX object glslang/CMakeFiles/glslang.dir/MachineIndependent/preprocessor/Pp.cpp.o
Dec 02 09:59:33.737 INFO [stderr] [ 45%] Building CXX object glslang/CMakeFiles/glslang.dir/MachineIndependent/preprocessor/PpAtom.cpp.o
Dec 02 09:59:33.737 INFO [stderr] [ 47%] Building CXX object glslang/CMakeFiles/glslang.dir/MachineIndependent/preprocessor/PpContext.cpp.o
Dec 02 09:59:33.737 INFO [stderr] [ 49%] Building CXX object glslang/CMakeFiles/glslang.dir/MachineIndependent/preprocessor/PpScanner.cpp.o
Dec 02 09:59:33.737 INFO [stderr] [ 50%] Building CXX object glslang/CMakeFiles/glslang.dir/MachineIndependent/preprocessor/PpTokens.cpp.o
Dec 02 09:59:33.737 INFO [stderr] [ 52%] Building CXX object glslang/CMakeFiles/glslang.dir/MachineIndependent/propagateNoContraction.cpp.o
Dec 02 09:59:33.737 INFO [stderr] glslang/CMakeFiles/glslang.dir/build.make:254: recipe for target 'glslang/CMakeFiles/glslang.dir/MachineIndependent/ParseHelper.cpp.o' failed
Dec 02 09:59:33.737 INFO [stderr] glslang/CMakeFiles/glslang.dir/build.make:662: recipe for target 'glslang/CMakeFiles/glslang.dir/MachineIndependent/propagateNoContraction.cpp.o' failed
Dec 02 09:59:33.737 INFO [stderr] CMakeFiles/Makefile2:1003: recipe for target 'glslang/CMakeFiles/glslang.dir/all' failed
Dec 02 09:59:33.737 INFO [stderr] Makefile:138: recipe for target 'all' failed
Dec 02 09:59:33.737 INFO [stderr] 
Dec 02 09:59:33.737 INFO [stderr] --- stderr
Dec 02 09:59:33.737 INFO [stderr] In file included from /usr/include/c++/5/ios:38:0,
Dec 02 09:59:33.737 INFO [stderr]                  from /usr/include/c++/5/istream:38,
Dec 02 09:59:33.737 INFO [stderr]                  from /usr/include/c++/5/sstream:38,
Dec 02 09:59:33.737 INFO [stderr]                  from /cargo-home/registry/src/github.com-1ecc6299db9ec823/glsl-to-spirv-0.1.7/glslang/glslang/MachineIndependent/../Include/../Include/Common.h:55,
Dec 02 09:59:33.737 INFO [stderr]                  from /cargo-home/registry/src/github.com-1ecc6299db9ec823/glsl-to-spirv-0.1.7/glslang/glslang/MachineIndependent/../Include/intermediate.h:54,
Dec 02 09:59:33.737 INFO [stderr]                  from /cargo-home/registry/src/github.com-1ecc6299db9ec823/glsl-to-spirv-0.1.7/glslang/glslang/MachineIndependent/propagateNoContraction.h:42,
Dec 02 09:59:33.737 INFO [stderr]                  from /cargo-home/registry/src/github.com-1ecc6299db9ec823/glsl-to-spirv-0.1.7/glslang/glslang/MachineIndependent/propagateNoContraction.cpp:40:
Dec 02 09:59:33.737 INFO [stderr] /usr/include/c++/5/iosfwd:40:27: error: /usr/include/c++/5/bits/postypes.h: Cannot allocate memory
Dec 02 09:59:33.737 INFO [stderr] c++: internal compiler error: Killed (program cc1plus)
Dec 02 09:59:33.737 INFO [stderr] Please submit a full bug report,
Dec 02 09:59:33.737 INFO [stderr] with preprocessed source if appropriate.
Dec 02 09:59:33.737 INFO [stderr] See <file:///usr/share/doc/gcc-5/README.Bugs> for instructions.
Dec 02 09:59:33.737 INFO [stderr] make[2]: *** [glslang/CMakeFiles/glslang.dir/MachineIndependent/ParseHelper.cpp.o] Error 4
Dec 02 09:59:33.737 INFO [stderr] make[2]: *** Waiting for unfinished jobs....
Dec 02 09:59:33.737 INFO [stderr] In file included from /usr/include/c++/5/ios:40:0,
Dec 02 09:59:33.737 INFO [stderr]                  from /usr/include/c++/5/istream:38,
Dec 02 09:59:33.737 INFO [stderr]                  from /usr/include/c++/5/sstream:38,
Dec 02 09:59:33.737 INFO [stderr]                  from /cargo-home/registry/src/github.com-1ecc6299db9ec823/glsl-to-spirv-0.1.7/glslang/glslang/MachineIndependent/../Include/../Include/Common.h:55,
Dec 02 09:59:33.737 INFO [stderr]                  from /cargo-home/registry/src/github.com-1ecc6299db9ec823/glsl-to-spirv-0.1.7/glslang/glslang/MachineIndependent/../Include/intermediate.h:54,
Dec 02 09:59:33.737 INFO [stderr]                  from /cargo-home/registry/src/github.com-1ecc6299db9ec823/glsl-to-spirv-0.1.7/glslang/glslang/MachineIndependent/propagateNoContraction.h:42,
Dec 02 09:59:33.737 INFO [stderr]                  from /cargo-home/registry/src/github.com-1ecc6299db9ec823/glsl-to-spirv-0.1.7/glslang/glslang/MachineIndependent/propagateNoContraction.cpp:40:
Dec 02 09:59:33.737 INFO [stderr] /usr/include/c++/5/bits/char_traits.h:61:20: error: 'streampos' in namespace 'std' does not name a type
Dec 02 09:59:33.737 INFO [stderr]        typedef std::streampos  pos_type;
Dec 02 09:59:33.737 INFO [stderr]                     ^
Dec 02 09:59:33.737 INFO [stderr] /usr/include/c++/5/bits/char_traits.h:62:20: error: 'streamoff' in namespace 'std' does not name a type
Dec 02 09:59:33.737 INFO [stderr]        typedef std::streamoff  off_type;
Dec 02 09:59:33.737 INFO [stderr]                     ^
Dec 02 09:59:33.737 INFO [stderr] /usr/include/c++/5/bits/char_traits.h:237:15: error: 'streampos' does not name a type
Dec 02 09:59:33.737 INFO [stderr]        typedef streampos         pos_type;
Dec 02 09:59:33.737 INFO [stderr]                ^
Dec 02 09:59:33.737 INFO [stderr] /usr/include/c++/5/bits/char_traits.h:238:15: error: 'streamoff' does not name a type
Dec 02 09:59:33.737 INFO [stderr]        typedef streamoff         off_type;
Dec 02 09:59:33.737 INFO [stderr]                ^
Dec 02 09:59:33.737 INFO [stderr] /usr/include/c++/5/bits/char_traits.h:332:15: error: 'streamoff' does not name a type
Dec 02 09:59:33.737 INFO [stderr]        typedef streamoff         off_type;
Dec 02 09:59:33.737 INFO [stderr]                ^
Dec 02 09:59:33.737 INFO [stderr] /usr/include/c++/5/bits/char_traits.h:333:15: error: 'wstreampos' does not name a type
Dec 02 09:59:33.737 INFO [stderr]        typedef wstreampos        pos_type;
Dec 02 09:59:33.737 INFO [stderr]                ^
Dec 02 09:59:33.737 INFO [stderr] In file included from /usr/include/c++/5/ios:40:0,
Dec 02 09:59:33.737 INFO [stderr]                  from /usr/include/c++/5/istream:38,
Dec 02 09:59:33.737 INFO [stderr]                  from /usr/include/c++/5/sstream:38,
Dec 02 09:59:33.737 INFO [stderr]                  from /cargo-home/registry/src/github.com-1ecc6299db9ec823/glsl-to-spirv-0.1.7/glslang/glslang/MachineIndependent/../Include/../Include/Common.h:55,
Dec 02 09:59:33.737 INFO [stderr]                  from /cargo-home/registry/src/github.com-1ecc6299db9ec823/glsl-to-spirv-0.1.7/glslang/glslang/MachineIndependent/../Include/intermediate.h:54,
Dec 02 09:59:33.737 INFO [stderr]                  from /cargo-home/registry/src/github.com-1ecc6299db9ec823/glsl-to-spirv-0.1.7/glslang/glslang/MachineIndependent/propagateNoContraction.h:42,
Dec 02 09:59:33.737 INFO [stderr]                  from /cargo-home/registry/src/github.com-1ecc6299db9ec823/glsl-to-spirv-0.1.7/glslang/glslang/MachineIndependent/propagateNoContraction.cpp:40:
Dec 02 09:59:33.737 INFO [stderr] /usr/include/c++/5/bits/char_traits.h:431:15: error: 'streamoff' does not name a type
Dec 02 09:59:33.737 INFO [stderr]        typedef streamoff         off_type;
Dec 02 09:59:33.737 INFO [stderr]                ^
Dec 02 09:59:33.737 INFO [stderr] /usr/include/c++/5/bits/char_traits.h:432:15: error: 'u16streampos' does not name a type
Dec 02 09:59:33.737 INFO [stderr]        typedef u16streampos      pos_type;
Dec 02 09:59:33.737 INFO [stderr]                ^
Dec 02 09:59:33.737 INFO [stderr] /usr/include/c++/5/bits/char_traits.h:528:15: error: 'streamoff' does not name a type
Dec 02 09:59:33.738 INFO [stderr]        typedef streamoff         off_type;
Dec 02 09:59:33.738 INFO [stderr]                ^
Dec 02 09:59:33.738 INFO [stderr] /usr/include/c++/5/bits/char_traits.h:529:15: error: 'u32streampos' does not name a type
Dec 02 09:59:33.738 INFO [stderr]        typedef u32streampos      pos_type;
Dec 02 09:59:33.738 INFO [stderr]                ^
Dec 02 09:59:33.738 INFO [stderr] In file included from /usr/include/c++/5/string:44:0,
Dec 02 09:59:33.738 INFO [stderr]                  from /usr/include/c++/5/bits/locale_classes.h:40,
Dec 02 09:59:33.738 INFO [stderr]                  from /usr/include/c++/5/bits/ios_base.h:41,
Dec 02 09:59:33.738 INFO [stderr]                  from /usr/include/c++/5/ios:42,
Dec 02 09:59:33.738 INFO [stderr]                  from /usr/include/c++/5/istream:38,
Dec 02 09:59:33.738 INFO [stderr]                  from /usr/include/c++/5/sstream:38,
Dec 02 09:59:33.738 INFO [stderr]                  from /cargo-home/registry/src/github.com-1ecc6299db9ec823/glsl-to-spirv-0.1.7/glslang/glslang/MachineIndependent/../Include/../Include/Common.h:55,
Dec 02 09:59:33.738 INFO [stderr]                  from /cargo-home/registry/src/github.com-1ecc6299db9ec823/glsl-to-spirv-0.1.7/glslang/glslang/MachineIndependent/../Include/intermediate.h:54,
Dec 02 09:59:33.738 INFO [stderr]                  from /cargo-home/registry/src/github.com-1ecc6299db9ec823/glsl-to-spirv-0.1.7/glslang/glslang/MachineIndependent/propagateNoContraction.h:42,
Dec 02 09:59:33.738 INFO [stderr]                  from /cargo-home/registry/src/github.com-1ecc6299db9ec823/glsl-to-spirv-0.1.7/glslang/glslang/MachineIndependent/propagateNoContraction.cpp:40:
Dec 02 09:59:33.738 INFO [stderr] /usr/include/c++/5/bits/ostream_insert.h:45:26: error: 'streamsize' has not been declared
Dec 02 09:59:33.738 INFO [stderr]        const _CharT* __s, streamsize __n)
Dec 02 09:59:33.738 INFO [stderr]                           ^
Dec 02 09:59:33.738 INFO [stderr] /usr/include/c++/5/bits/ostream_insert.h: In function 'void std::__ostream_write(std::basic_ostream<_CharT, _Traits>&, const _CharT*, int)':
Dec 02 09:59:33.738 INFO [stderr] /usr/include/c++/5/bits/ostream_insert.h:50:13: error: 'streamsize' does not name a type
Dec 02 09:59:33.738 INFO [stderr]        const streamsize __put = __out.rdbuf()->sputn(__s, __n);
Dec 02 09:59:33.738 INFO [stderr]              ^
Dec 02 09:59:33.738 INFO [stderr] /usr/include/c++/5/bits/ostream_insert.h:51:11: error: '__put' was not declared in this scope
Dec 02 09:59:33.738 INFO [stderr]        if (__put != __n)
Dec 02 09:59:33.738 INFO [stderr]            ^
Dec 02 09:59:33.738 INFO [stderr] /usr/include/c++/5/bits/ostream_insert.h: At global scope:
Dec 02 09:59:33.738 INFO [stderr] /usr/include/c++/5/bits/ostream_insert.h:57:59: error: 'streamsize' has not been declared
Dec 02 09:59:33.738 INFO [stderr]      __ostream_fill(basic_ostream<_CharT, _Traits>& __out, streamsize __n)
Dec 02 09:59:33.738 INFO [stderr]                                                            ^
Dec 02 09:59:33.738 INFO [stderr] /usr/include/c++/5/bits/ostream_insert.h:77:27: error: 'streamsize' has not been declared
Dec 02 09:59:33.738 INFO [stderr]         const _CharT* __s, streamsize __n)
Dec 02 09:59:33.738 INFO [stderr]                            ^
Dec 02 09:59:33.738 INFO [stderr] /usr/include/c++/5/bits/ostream_insert.h: In function 'std::basic_ostream<_CharT, _Traits>& std::__ostream_insert(std::basic_ostream<_CharT, _Traits>&, const _CharT*, int)':
Dec 02 09:59:33.738 INFO [stderr] /usr/include/c++/5/bits/ostream_insert.h:87:14: error: 'streamsize' does not name a type
Dec 02 09:59:33.738 INFO [stderr]         const streamsize __w = __out.width();
Dec 02 09:59:33.738 INFO [stderr]               ^
Dec 02 09:59:33.738 INFO [stderr] /usr/include/c++/5/bits/ostream_insert.h:88:12: error: '__w' was not declared in this scope
Dec 02 09:59:33.738 INFO [stderr]         if (__w > __n)
Dec 02 09:59:33.738 INFO [stderr]             ^
Dec 02 09:59:33.738 INFO [stderr] /usr/include/c++/5/bits/ostream_insert.h: At global scope:
Dec 02 09:59:33.738 INFO [stderr] /usr/include/c++/5/bits/ostream_insert.h:118:68: error: 'streamsize' has not been declared
Dec 02 09:59:33.738 INFO [stderr]    extern template ostream& __ostream_insert(ostream&, const char*, streamsize);
Dec 02 09:59:33.738 INFO [stderr]                                                                     ^
Dec 02 09:59:33.738 INFO [stderr] /usr/include/c++/5/bits/ostream_insert.h:122:11: error: 'streamsize' has not been declared
Dec 02 09:59:33.738 INFO [stderr]            streamsize);
Dec 02 09:59:33.738 INFO [stderr]            ^
Dec 02 09:59:33.738 INFO [stderr] In file included from /usr/include/c++/5/string:53:0,
Dec 02 09:59:33.738 INFO [stderr]                  from /usr/include/c++/5/bits/locale_classes.h:40,
Dec 02 09:59:33.738 INFO [stderr]                  from /usr/include/c++/5/bits/ios_base.h:41,
Dec 02 09:59:33.738 INFO [stderr]                  from /usr/include/c++/5/ios:42,
Dec 02 09:59:33.738 INFO [stderr]                  from /usr/include/c++/5/istream:38,
Dec 02 09:59:33.738 INFO [stderr]                  from /usr/include/c++/5/sstream:38,
Dec 02 09:59:33.738 INFO [stderr]                  from /cargo-home/registry/src/github.com-1ecc6299db9ec823/glsl-to-spirv-0.1.7/glslang/glslang/MachineIndependent/../Include/../Include/Common.h:55,
Dec 02 09:59:33.738 INFO [stderr]                  from /cargo-home/registry/src/github.com-1ecc6299db9ec823/glsl-to-spirv-0.1.7/glslang/glslang/MachineIndependent/../Include/intermediate.h:54,
Dec 02 09:59:33.738 INFO [stderr]                  from /cargo-home/registry/src/github.com-1ecc6299db9ec823/glsl-to-spirv-0.1.7/glslang/glslang/MachineIndependent/propagateNoContraction.h:42,
Dec 02 09:59:33.738 INFO [stderr]                  from /cargo-home/registry/src/github.com-1ecc6299db9ec823/glsl-to-spirv-0.1.7/glslang/glslang/MachineIndependent/propagateNoContraction.cpp:40:
Dec 02 09:59:33.738 INFO [stderr] /usr/include/c++/5/bits/basic_string.tcc: In function 'std::basic_istream<_CharT, _Traits>& std::operator>>(std::basic_istream<_CharT, _Traits>&, std::__cxx11::basic_string<_CharT, _Traits, _Alloc>&)':
Dec 02 09:59:33.738 INFO [stderr] /usr/include/c++/5/bits/basic_string.tcc:1463:14: error: 'streamsize' does not name a type
Dec 02 09:59:33.738 INFO [stderr]         const streamsize __w = __in.width();
Dec 02 09:59:33.738 INFO [stderr]               ^
Dec 02 09:59:33.738 INFO [stderr] /usr/include/c++/5/bits/basic_string.tcc:1464:32: error: '__w' was not declared in this scope
Dec 02 09:59:33.738 INFO [stderr]         const __size_type __n = __w > 0 ? static_cast<__size_type>(__w)
Dec 02 09:59:33.738 INFO [stderr]                                 ^
Dec 02 09:59:33.738 INFO [stderr] In file included from /usr/include/c++/5/ios:42:0,
Dec 02 09:59:33.738 INFO [stderr]                  from /usr/include/c++/5/istream:38,
Dec 02 09:59:33.738 INFO [stderr]                  from /usr/include/c++/5/sstream:38,
Dec 02 09:59:33.738 INFO [stderr]                  from /cargo-home/registry/src/github.com-1ecc6299db9ec823/glsl-to-spirv-0.1.7/glslang/glslang/MachineIndependent/../Include/../Include/Common.h:55,
Dec 02 09:59:33.738 INFO [stderr]                  from /cargo-home/registry/src/github.com-1ecc6299db9ec823/glsl-to-spirv-0.1.7/glslang/glslang/MachineIndependent/../Include/intermediate.h:54,
Dec 02 09:59:33.738 INFO [stderr]                  from /cargo-home/registry/src/github.com-1ecc6299db9ec823/glsl-to-spirv-0.1.7/glslang/glslang/MachineIndependent/propagateNoContraction.h:42,
Dec 02 09:59:33.738 INFO [stderr]                  from /cargo-home/registry/src/github.com-1ecc6299db9ec823/glsl-to-spirv-0.1.7/glslang/glslang/MachineIndependent/propagateNoContraction.cpp:40:
Dec 02 09:59:33.738 INFO [stderr] /usr/include/c++/5/bits/ios_base.h: At global scope:
Dec 02 09:59:33.738 INFO [stderr] /usr/include/c++/5/bits/ios_base.h:477:18: error: 'streampos' in namespace 'std' does not name a type
Dec 02 09:59:33.738 INFO [stderr]      typedef std::streampos streampos;
Dec 02 09:59:33.738 INFO [stderr]                   ^
Dec 02 09:59:33.738 INFO [stderr] /usr/include/c++/5/bits/ios_base.h:478:18: error: 'streamoff' in namespace 'std' does not name a type
Dec 02 09:59:33.738 INFO [stderr]      typedef std::streamoff streamoff;
Dec 02 09:59:33.738 INFO [stderr]                   ^
Dec 02 09:59:33.738 INFO [stderr] /usr/include/c++/5/bits/ios_base.h:520:5: error: 'streamsize' does not name a type
Dec 02 09:59:33.738 INFO [stderr]      streamsize  _M_precision;
Dec 02 09:59:33.738 INFO [stderr]      ^
Dec 02 09:59:33.738 INFO [stderr] /usr/include/c++/5/bits/ios_base.h:521:5: error: 'streamsize' does not name a type
Dec 02 09:59:33.738 INFO [stderr]      streamsize  _M_width;
Dec 02 09:59:33.738 INFO [stderr]      ^
Dec 02 09:59:33.739 INFO [stderr] /usr/include/c++/5/bits/ios_base.h:688:5: error: 'streamsize' does not name a type
Dec 02 09:59:33.739 INFO [stderr]      streamsize
Dec 02 09:59:33.739 INFO [stderr]      ^
Dec 02 09:59:33.739 INFO [stderr] /usr/include/c++/5/bits/ios_base.h:697:5: error: 'streamsize' does not name a type
Dec 02 09:59:33.739 INFO [stderr]      streamsize
Dec 02 09:59:33.739 INFO [stderr]      ^
Dec 02 09:59:33.739 INFO [stderr] /usr/include/c++/5/bits/ios_base.h:711:5: error: 'streamsize' does not name a type
Dec 02 09:59:33.739 INFO [stderr]      streamsize
Dec 02 09:59:33.739 INFO [stderr]      ^
Dec 02 09:59:33.739 INFO [stderr] /usr/include/c++/5/bits/ios_base.h:720:5: error: 'streamsize' does not name a type
Dec 02 09:59:33.739 INFO [stderr]      streamsize
Dec 02 09:59:33.739 INFO [stderr]      ^
Dec 02 09:59:33.739 INFO [stderr] In file included from /usr/include/c++/5/ios:43:0,
Dec 02 09:59:33.739 INFO [stderr]                  from /usr/include/c++/5/istream:38,
Dec 02 09:59:33.739 INFO [stderr]                  from /usr/include/c++/5/sstream:38,
Dec 02 09:59:33.739 INFO [stderr]                  from /cargo-home/registry/src/github.com-1ecc6299db9ec823/glsl-to-spirv-0.1.7/glslang/glslang/MachineIndependent/../Include/../Include/Common.h:55,
Dec 02 09:59:33.739 INFO [stderr]                  from /cargo-home/registry/src/github.com-1ecc6299db9ec823/glsl-to-spirv-0.1.7/glslang/glslang/MachineIndependent/../Include/intermediate.h:54,
Dec 02 09:59:33.739 INFO [stderr]                  from /cargo-home/registry/src/github.com-1ecc6299db9ec823/glsl-to-spirv-0.1.7/glslang/glslang/MachineIndependent/propagateNoContraction.h:42,
Dec 02 09:59:33.739 INFO [stderr]                  from /cargo-home/registry/src/github.com-1ecc6299db9ec823/glsl-to-spirv-0.1.7/glslang/glslang/MachineIndependent/propagateNoContraction.cpp:40:
Dec 02 09:59:33.739 INFO [stderr] /usr/include/c++/5/streambuf:50:5: error: 'streamsize' does not name a type
Dec 02 09:59:33.739 INFO [stderr]      streamsize
Dec 02 09:59:33.739 INFO [stderr]      ^
Dec 02 09:59:33.739 INFO [stderr] /usr/include/c++/5/streambuf:147:14: error: 'streamsize' does not name a type
Dec 02 09:59:33.739 INFO [stderr]        friend streamsize
Dec 02 09:59:33.739 INFO [stderr]               ^
Dec 02 09:59:33.739 INFO [stderr] /usr/include/c++/5/streambuf:239:33: error: 'streamsize' has not been declared
Dec 02 09:59:33.739 INFO [stderr]        pubsetbuf(char_type* __s, streamsize __n)
Dec 02 09:59:33.739 INFO [stderr]                                  ^
Dec 02 09:59:33.739 INFO [stderr] /usr/include/c++/5/streambuf:283:7: error: 'streamsize' does not name a type
Dec 02 09:59:33.739 INFO [stderr]        streamsize
Dec 02 09:59:33.739 INFO [stderr]        ^
Dec 02 09:59:33.739 INFO [stderr] /usr/include/c++/5/streambuf:356:7: error: 'streamsize' does not name a type
Dec 02 09:59:33.739 INFO [stderr]        streamsize
Dec 02 09:59:33.739 INFO [stderr]        ^
Dec 02 09:59:33.739 INFO [stderr] /usr/include/c++/5/streambuf:449:7: error: 'streamsize' does not name a type
Dec 02 09:59:33.739 INFO [stderr]        streamsize
Dec 02 09:59:33.739 INFO [stderr]        ^
Dec 02 09:59:33.739 INFO [stderr] /usr/include/c++/5/streambuf:591:26: error: 'streamsize' has not been declared
Dec 02 09:59:33.739 INFO [stderr]        setbuf(char_type*, streamsize)
Dec 02 09:59:33.739 INFO [stderr]                           ^
Dec 02 09:59:33.739 INFO [stderr] /usr/include/c++/5/streambuf:648:15: error: 'streamsize' does not name a type
Dec 02 09:59:33.739 INFO [stderr]        virtual streamsize
Dec 02 09:59:33.739 INFO [stderr]                ^
Dec 02 09:59:33.739 INFO [stderr] /usr/include/c++/5/streambuf:664:15: error: 'streamsize' does not name a type
Dec 02 09:59:33.739 INFO [stderr]        virtual streamsize
Dec 02 09:59:33.739 INFO [stderr]                ^
Dec 02 09:59:33.739 INFO [stderr] /usr/include/c++/5/streambuf:741:15: error: 'streamsize' does not name a type
Dec 02 09:59:33.739 INFO [stderr]        virtual streamsize
Dec 02 09:59:33.739 INFO [stderr]                ^
Dec 02 09:59:33.739 INFO [stderr] /usr/include/c++/5/streambuf:794:20: error: 'streamsize' has not been declared
Dec 02 09:59:33.739 INFO [stderr]        __safe_gbump(streamsize __n) { _M_in_cur += __n; }
Dec 02 09:59:33.739 INFO [stderr]                     ^
Dec 02 09:59:33.739 INFO [stderr] /usr/include/c++/5/streambuf:797:20: error: 'streamsize' has not been declared
Dec 02 09:59:33.739 INFO [stderr]        __safe_pbump(streamsize __n) { _M_out_cur += __n; }
Dec 02 09:59:33.739 INFO [stderr]                     ^
Dec 02 09:59:33.739 INFO [stderr] /usr/include/c++/5/streambuf:837:5: error: 'streamsize' does not name a type
Dec 02 09:59:33.739 INFO [stderr]      streamsize
Dec 02 09:59:33.739 INFO [stderr]      ^
Dec 02 09:59:33.739 INFO [stderr] /usr/include/c++/5/streambuf:842:5: error: 'streamsize' does not name a type
Dec 02 09:59:33.739 INFO [stderr]      streamsize
Dec 02 09:59:33.739 INFO [stderr]      ^
Dec 02 09:59:33.739 INFO [stderr] In file included from /usr/include/c++/5/streambuf:850:0,
Dec 02 09:59:33.739 INFO [stderr]                  from /usr/include/c++/5/ios:43,
Dec 02 09:59:33.739 INFO [stderr]                  from /usr/include/c++/5/istream:38,
Dec 02 09:59:33.739 INFO [stderr]                  from /usr/include/c++/5/sstream:38,
Dec 02 09:59:33.739 INFO [stderr]                  from /cargo-home/registry/src/github.com-1ecc6299db9ec823/glsl-to-spirv-0.1.7/glslang/glslang/MachineIndependent/../Include/../Include/Common.h:55,
Dec 02 09:59:33.739 INFO [stderr]                  from /cargo-home/registry/src/github.com-1ecc6299db9ec823/glsl-to-spirv-0.1.7/glslang/glslang/MachineIndependent/../Include/intermediate.h:54,
Dec 02 09:59:33.739 INFO [stderr]                  from /cargo-home/registry/src/github.com-1ecc6299db9ec823/glsl-to-spirv-0.1.7/glslang/glslang/MachineIndependent/propagateNoContraction.h:42,
Dec 02 09:59:33.739 INFO [stderr]                  from /cargo-home/registry/src/github.com-1ecc6299db9ec823/glsl-to-spirv-0.1.7/glslang/glslang/MachineIndependent/propagateNoContraction.cpp:40:
Dec 02 09:59:33.739 INFO [stderr] /usr/include/c++/5/bits/streambuf.tcc:44:5: error: 'streamsize' does not name a type
Dec 02 09:59:33.739 INFO [stderr]      streamsize
Dec 02 09:59:33.739 INFO [stderr]      ^
Dec 02 09:59:33.739 INFO [stderr] /usr/include/c++/5/bits/streambuf.tcc:78:5: error: 'streamsize' does not name a type
Dec 02 09:59:33.739 INFO [stderr]      streamsize
Dec 02 09:59:33.739 INFO [stderr]      ^
Dec 02 09:59:33.739 INFO [stderr] /usr/include/c++/5/bits/streambuf.tcc:115:5: error: 'streamsize' does not name a type
Dec 02 09:59:33.739 INFO [stderr]      streamsize
Dec 02 09:59:33.739 INFO [stderr]      ^
Dec 02 09:59:33.739 INFO [stderr] /usr/include/c++/5/bits/streambuf.tcc:138:12: error: 'streamsize' does not name a type
Dec 02 09:59:33.739 INFO [stderr]      inline streamsize
Dec 02 09:59:33.739 INFO [stderr]             ^
Dec 02 09:59:33.739 INFO [stderr] In file included from /usr/include/c++/5/ios:43:0,
Dec 02 09:59:33.739 INFO [stderr]                  from /usr/include/c++/5/istream:38,
Dec 02 09:59:33.739 INFO [stderr]                  from /usr/include/c++/5/sstream:38,
Dec 02 09:59:33.739 INFO [stderr]                  from /cargo-home/registry/src/github.com-1ecc6299db9ec823/glsl-to-spirv-0.1.7/glslang/glslang/MachineIndependent/../Include/../Include/Common.h:55,
Dec 02 09:59:33.740 INFO [stderr]                  from /cargo-home/registry/src/github.com-1ecc6299db9ec823/glsl-to-spirv-0.1.7/glslang/glslang/MachineIndependent/../Include/intermediate.h:54,
Dec 02 09:59:33.740 INFO [stderr]                  from /cargo-home/registry/src/github.com-1ecc6299db9ec823/glsl-to-spirv-0.1.7/glslang/glslang/MachineIndependent/propagateNoContraction.h:42,
Dec 02 09:59:33.740 INFO [stderr]                  from /cargo-home/registry/src/github.com-1ecc6299db9ec823/glsl-to-spirv-0.1.7/glslang/glslang/MachineIndependent/propagateNoContraction.cpp:40:
Dec 02 09:59:33.740 INFO [stderr] /usr/include/c++/5/streambuf: In instantiation of 'class std::basic_streambuf<char>':
Dec 02 09:59:33.740 INFO [stderr] /usr/include/c++/5/bits/streambuf.tcc:149:25:   required from here
Dec 02 09:59:33.740 INFO [stderr] /usr/include/c++/5/streambuf:132:48: error: no type named 'pos_type' in 'std::basic_streambuf<char>::traits_type {aka struct std::char_traits<char>}'
Dec 02 09:59:33.740 INFO [stderr]        typedef typename traits_type::pos_type   pos_type;
Dec 02 09:59:33.740 INFO [stderr]                                                 ^
Dec 02 09:59:33.740 INFO [stderr] /usr/include/c++/5/streambuf:133:48: error: no type named 'off_type' in 'std::basic_streambuf<char>::traits_type {aka struct std::char_traits<char>}'
Dec 02 09:59:33.740 INFO [stderr]        typedef typename traits_type::off_type   off_type;
Dec 02 09:59:33.740 INFO [stderr]                                                 ^
Dec 02 09:59:33.740 INFO [stderr] In file included from /usr/include/c++/5/streambuf:850:0,
Dec 02 09:59:33.740 INFO [stderr]                  from /usr/include/c++/5/ios:43,
Dec 02 09:59:33.740 INFO [stderr]                  from /usr/include/c++/5/istream:38,
Dec 02 09:59:33.740 INFO [stderr]                  from /usr/include/c++/5/sstream:38,
Dec 02 09:59:33.740 INFO [stderr]                  from /cargo-home/registry/src/github.com-1ecc6299db9ec823/glsl-to-spirv-0.1.7/glslang/glslang/MachineIndependent/../Include/../Include/Common.h:55,
Dec 02 09:59:33.740 INFO [stderr]                  from /cargo-home/registry/src/github.com-1ecc6299db9ec823/glsl-to-spirv-0.1.7/glslang/glslang/MachineIndependent/../Include/intermediate.h:54,
Dec 02 09:59:33.740 INFO [stderr]                  from /cargo-home/registry/src/github.com-1ecc6299db9ec823/glsl-to-spirv-0.1.7/glslang/glslang/MachineIndependent/propagateNoContraction.h:42,
Dec 02 09:59:33.740 INFO [stderr]                  from /cargo-home/registry/src/github.com-1ecc6299db9ec823/glsl-to-spirv-0.1.7/glslang/glslang/MachineIndependent/propagateNoContraction.cpp:40:
Dec 02 09:59:33.740 INFO [stderr] /usr/include/c++/5/bits/streambuf.tcc:151:5: error: 'streamsize' is not a template function
Dec 02 09:59:33.740 INFO [stderr]      streamsize
Dec 02 09:59:33.740 INFO [stderr]      ^
Dec 02 09:59:33.740 INFO [stderr] /usr/include/c++/5/bits/streambuf.tcc:152:5: error: expected ';' before '__copy_streambufs'
Dec 02 09:59:33.740 INFO [stderr]      __copy_streambufs(basic_streambuf<char>*,
Dec 02 09:59:33.740 INFO [stderr]      ^
Dec 02 09:59:33.740 INFO [stderr] /usr/include/c++/5/bits/streambuf.tcc:155:5: error: 'streamsize' is not a template function
Dec 02 09:59:33.740 INFO [stderr]      streamsize
Dec 02 09:59:33.740 INFO [stderr]      ^
Dec 02 09:59:33.740 INFO [stderr] /usr/include/c++/5/bits/streambuf.tcc:156:5: error: expected ';' before '__copy_streambufs_eof'
Dec 02 09:59:33.740 INFO [stderr]      __copy_streambufs_eof(basic_streambuf<char>*,
Dec 02 09:59:33.740 INFO [stderr]      ^
Dec 02 09:59:33.740 INFO [stderr] In file included from /usr/include/c++/5/ios:43:0,
Dec 02 09:59:33.740 INFO [stderr]                  from /usr/include/c++/5/istream:38,
Dec 02 09:59:33.740 INFO [stderr]                  from /usr/include/c++/5/sstream:38,
Dec 02 09:59:33.740 INFO [stderr]                  from /cargo-home/registry/src/github.com-1ecc6299db9ec823/glsl-to-spirv-0.1.7/glslang/glslang/MachineIndependent/../Include/../Include/Common.h:55,
Dec 02 09:59:33.740 INFO [stderr]                  from /cargo-home/registry/src/github.com-1ecc6299db9ec823/glsl-to-spirv-0.1.7/glslang/glslang/MachineIndependent/../Include/intermediate.h:54,
Dec 02 09:59:33.740 INFO [stderr]                  from /cargo-home/registry/src/github.com-1ecc6299db9ec823/glsl-to-spirv-0.1.7/glslang/glslang/MachineIndependent/propagateNoContraction.h:42,
Dec 02 09:59:33.740 INFO [stderr]                  from /cargo-home/registry/src/github.com-1ecc6299db9ec823/glsl-to-spirv-0.1.7/glslang/glslang/MachineIndependent/propagateNoContraction.cpp:40:
Dec 02 09:59:33.740 INFO [stderr] /usr/include/c++/5/streambuf: In instantiation of 'class std::basic_streambuf<wchar_t>':
Dec 02 09:59:33.740 INFO [stderr] /usr/include/c++/5/bits/streambuf.tcc:160:25:   required from here
Dec 02 09:59:33.740 INFO [stderr] /usr/include/c++/5/streambuf:132:48: error: no type named 'pos_type' in 'std::basic_streambuf<wchar_t>::traits_type {aka struct std::char_traits<wchar_t>}'
Dec 02 09:59:33.740 INFO [stderr]        typedef typename traits_type::pos_type   pos_type;
Dec 02 09:59:33.740 INFO [stderr]                                                 ^
Dec 02 09:59:33.740 INFO [stderr] /usr/include/c++/5/streambuf:133:48: error: no type named 'off_type' in 'std::basic_streambuf<wchar_t>::traits_type {aka struct std::char_traits<wchar_t>}'
Dec 02 09:59:33.740 INFO [stderr]        typedef typename traits_type::off_type   off_type;
Dec 02 09:59:33.740 INFO [stderr]                                                 ^
Dec 02 09:59:33.740 INFO [stderr] In file included from /usr/include/c++/5/streambuf:850:0,
Dec 02 09:59:33.740 INFO [stderr]                  from /usr/include/c++/5/ios:43,
Dec 02 09:59:33.740 INFO [stderr]                  from /usr/include/c++/5/istream:38,
Dec 02 09:59:33.740 INFO [stderr]                  from /usr/include/c++/5/sstream:38,
Dec 02 09:59:33.740 INFO [stderr]                  from /cargo-home/registry/src/github.com-1ecc6299db9ec823/glsl-to-spirv-0.1.7/glslang/glslang/MachineIndependent/../Include/../Include/Common.h:55,
Dec 02 09:59:33.740 INFO [stderr]                  from /cargo-home/registry/src/github.com-1ecc6299db9ec823/glsl-to-spirv-0.1.7/glslang/glslang/MachineIndependent/../Include/intermediate.h:54,
Dec 02 09:59:33.740 INFO [stderr]                  from /cargo-home/registry/src/github.com-1ecc6299db9ec823/glsl-to-spirv-0.1.7/glslang/glslang/MachineIndependent/propagateNoContraction.h:42,
Dec 02 09:59:33.740 INFO [stderr]                  from /cargo-home/registry/src/github.com-1ecc6299db9ec823/glsl-to-spirv-0.1.7/glslang/glslang/MachineIndependent/propagateNoContraction.cpp:40:
Dec 02 09:59:33.740 INFO [stderr] /usr/include/c++/5/bits/streambuf.tcc:162:5: error: 'streamsize' is not a template function
Dec 02 09:59:33.740 INFO [stderr]      streamsize
Dec 02 09:59:33.740 INFO [stderr]      ^
Dec 02 09:59:33.740 INFO [stderr] /usr/include/c++/5/bits/streambuf.tcc:163:5: error: expected ';' before '__copy_streambufs'
Dec 02 09:59:33.740 INFO [stderr]      __copy_streambufs(basic_streambuf<wchar_t>*,
Dec 02 09:59:33.740 INFO [stderr]      ^
Dec 02 09:59:33.740 INFO [stderr] /usr/include/c++/5/bits/streambuf.tcc:166:5: error: 'streamsize' is not a template function
Dec 02 09:59:33.740 INFO [stderr]      streamsize
Dec 02 09:59:33.740 INFO [stderr]      ^
Dec 02 09:59:33.740 INFO [stderr] /usr/include/c++/5/bits/streambuf.tcc:167:5: error: expected ';' before '__copy_streambufs_eof'
Dec 02 09:59:33.740 INFO [stderr]      __copy_streambufs_eof(basic_streambuf<wchar_t>*,
Dec 02 09:59:33.740 INFO [stderr]      ^
Dec 02 09:59:33.740 INFO [stderr] In file included from /usr/include/c++/5/bits/locale_facets.h:48:0,
Dec 02 09:59:33.740 INFO [stderr]                  from /usr/include/c++/5/bits/basic_ios.h:37,
Dec 02 09:59:33.740 INFO [stderr]                  from /usr/include/c++/5/ios:44,
Dec 02 09:59:33.740 INFO [stderr]                  from /usr/include/c++/5/istream:38,
Dec 02 09:59:33.740 INFO [stderr]                  from /usr/include/c++/5/sstream:38,
Dec 02 09:59:33.740 INFO [stderr]                  from /cargo-home/registry/src/github.com-1ecc6299db9ec823/glsl-to-spirv-0.1.7/glslang/glslang/MachineIndependent/../Include/../Include/Common.h:55,
Dec 02 09:59:33.740 INFO [stderr]                  from /cargo-home/registry/src/github.com-1ecc6299db9ec823/glsl-to-spirv-0.1.7/glslang/glslang/MachineIndependent/../Include/intermediate.h:54,
Dec 02 09:59:33.740 INFO [stderr]                  from /cargo-home/registry/src/github.com-1ecc6299db9ec823/glsl-to-spirv-0.1.7/glslang/glslang/MachineIndependent/propagateNoContraction.h:42,
Dec 02 09:59:33.740 INFO [stderr]                  from /cargo-home/registry/src/github.com-1ecc6299db9ec823/glsl-to-spirv-0.1.7/glslang/glslang/MachineIndependent/propagateNoContraction.cpp:40:
Dec 02 09:59:33.740 INFO [stderr] /usr/include/c++/5/bits/streambuf_iterator.h:279:34: error: 'streamsize' has not been declared
Dec 02 09:59:33.740 INFO [stderr]        _M_put(const _CharT* __ws, streamsize __len)
Dec 02 09:59:33.740 INFO [stderr]                                   ^
Dec 02 09:59:33.740 INFO [stderr] /usr/include/c++/5/bits/streambuf_iterator.h: In function 'typename __gnu_cxx::__enable_if<std::__is_char<_CharT>::__value, std::ostreambuf_iterator<_CharT, std::char_traits<_CharT> > >::__type std::__copy_move_a2(_CharT*, _CharT*, std::ostreambuf_iterator<_CharT, std::char_traits<_CharT> >)':
Dec 02 09:59:33.740 INFO [stderr] /usr/include/c++/5/bits/streambuf_iterator.h:313:13: error: 'streamsize' does not name a type
Dec 02 09:59:33.740 INFO [stderr]        const streamsize __num = __last - __first;
Dec 02 09:59:33.740 INFO [stderr]              ^
Dec 02 09:59:33.740 INFO [stderr] /usr/include/c++/5/bits/streambuf_iterator.h:314:11: error: '__num' was not declared in this scope
Dec 02 09:59:33.741 INFO [stderr]        if (__num > 0)
Dec 02 09:59:33.741 INFO [stderr]            ^
Dec 02 09:59:33.741 INFO [stderr] /usr/include/c++/5/bits/streambuf_iterator.h: In function 'typename __gnu_cxx::__enable_if<std::__is_char<_CharT>::__value, std::ostreambuf_iterator<_CharT, std::char_traits<_CharT> > >::__type std::__copy_move_a2(const _CharT*, const _CharT*, std::ostreambuf_iterator<_CharT, std::char_traits<_CharT> >)':
Dec 02 09:59:33.741 INFO [stderr] /usr/include/c++/5/bits/streambuf_iterator.h:325:13: error: 'streamsize' does not name a type
Dec 02 09:59:33.741 INFO [stderr]        const streamsize __num = __last - __first;
Dec 02 09:59:33.741 INFO [stderr]              ^
Dec 02 09:59:33.741 INFO [stderr] /usr/include/c++/5/bits/streambuf_iterator.h:326:11: error: '__num' was not declared in this scope
Dec 02 09:59:33.741 INFO [stderr]        if (__num > 0)
Dec 02 09:59:33.741 INFO [stderr]            ^
Dec 02 09:59:33.741 INFO [stderr] /usr/include/c++/5/bits/streambuf_iterator.h: In function 'typename __gnu_cxx::__enable_if<std::__is_char<_CharT>::__value, _CharT*>::__type std::__copy_move_a2(std::istreambuf_iterator<_CharT, std::char_traits<_CharT> >, std::istreambuf_iterator<_CharT, std::char_traits<_CharT> >, _CharT*)':
Dec 02 09:59:33.741 INFO [stderr] /usr/include/c++/5/bits/streambuf_iterator.h:348:14: error: 'streamsize' does not name a type
Dec 02 09:59:33.741 INFO [stderr]         const streamsize __n = __sb->egptr() - __sb->gptr();
Dec 02 09:59:33.741 INFO [stderr]               ^
Dec 02 09:59:33.741 INFO [stderr] /usr/include/c++/5/bits/streambuf_iterator.h:349:12: error: '__n' was not declared in this scope
Dec 02 09:59:33.741 INFO [stderr]         if (__n > 1)
Dec 02 09:59:33.741 INFO [stderr]             ^
Dec 02 09:59:33.741 INFO [stderr] /usr/include/c++/5/bits/streambuf_iterator.h: In function 'typename __gnu_cxx::__enable_if<std::__is_char<_CharT2>::__value, std::istreambuf_iterator<_CharT> >::__type std::find(std::istreambuf_iterator<_CharT>, std::istreambuf_iterator<_CharT>, const _CharT2&)':
Dec 02 09:59:33.741 INFO [stderr] /usr/include/c++/5/bits/streambuf_iterator.h:385:8: error: 'streamsize' was not declared in this scope
Dec 02 09:59:33.741 INFO [stderr]         streamsize __n = __sb->egptr() - __sb->gptr();
Dec 02 09:59:33.741 INFO [stderr]         ^
Dec 02 09:59:33.741 INFO [stderr] /usr/include/c++/5/bits/streambuf_iterator.h:386:12: error: '__n' was not declared in this scope
Dec 02 09:59:33.741 INFO [stderr]         if (__n > 1)
Dec 02 09:59:33.741 INFO [stderr]             ^
Dec 02 09:59:33.741 INFO [stderr] In file included from /usr/include/c++/5/bits/basic_ios.h:37:0,
Dec 02 09:59:33.741 INFO [stderr]                  from /usr/include/c++/5/ios:44,
Dec 02 09:59:33.741 INFO [stderr]                  from /usr/include/c++/5/istream:38,
Dec 02 09:59:33.741 INFO [stderr]                  from /usr/include/c++/5/sstream:38,
Dec 02 09:59:33.741 INFO [stderr]                  from /cargo-home/registry/src/github.com-1ecc6299db9ec823/glsl-to-spirv-0.1.7/glslang/glslang/MachineIndependent/../Include/../Include/Common.h:55,
Dec 02 09:59:33.741 INFO [stderr]                  from /cargo-home/registry/src/github.com-1ecc6299db9ec823/glsl-to-spirv-0.1.7/glslang/glslang/MachineIndependent/../Include/intermediate.h:54,
Dec 02 09:59:33.741 INFO [stderr]                  from /cargo-home/registry/src/github.com-1ecc6299db9ec823/glsl-to-spirv-0.1.7/glslang/glslang/MachineIndependent/propagateNoContraction.h:42,
Dec 02 09:59:33.741 INFO [stderr]                  from /cargo-home/registry/src/github.com-1ecc6299db9ec823/glsl-to-spirv-0.1.7/glslang/glslang/MachineIndependent/propagateNoContraction.cpp:40:
Dec 02 09:59:33.741 INFO [stderr] /usr/include/c++/5/bits/locale_facets.h: At global scope:
Dec 02 09:59:33.741 INFO [stderr] /usr/include/c++/5/bits/locale_facets.h:99:29: error: 'streamsize' has not been declared
Dec 02 09:59:33.741 INFO [stderr]        const _CharT* __olds, streamsize __newlen, streamsize __oldlen);
Dec 02 09:59:33.741 INFO [stderr]                              ^
Dec 02 09:59:33.741 INFO [stderr] /usr/include/c++/5/bits/locale_facets.h:99:50: error: 'streamsize' has not been declared
Dec 02 09:59:33.741 INFO [stderr]        const _CharT* __olds, streamsize __newlen, streamsize __oldlen);
Dec 02 09:59:33.741 INFO [stderr]                                                   ^
Dec 02 09:59:33.741 INFO [stderr] In file included from /usr/include/c++/5/bits/basic_ios.h:37:0,
Dec 02 09:59:33.741 INFO [stderr]                  from /usr/include/c++/5/ios:44,
Dec 02 09:59:33.741 INFO [stderr]                  from /usr/include/c++/5/istream:38,
Dec 02 09:59:33.741 INFO [stderr]                  from /usr/include/c++/5/sstream:38,
Dec 02 09:59:33.741 INFO [stderr]                  from /cargo-home/registry/src/github.com-1ecc6299db9ec823/glsl-to-spirv-0.1.7/glslang/glslang/MachineIndependent/../Include/../Include/Common.h:55,
Dec 02 09:59:33.741 INFO [stderr]                  from /cargo-home/registry/src/github.com-1ecc6299db9ec823/glsl-to-spirv-0.1.7/glslang/glslang/MachineIndependent/../Include/intermediate.h:54,
Dec 02 09:59:33.741 INFO [stderr]                  from /cargo-home/registry/src/github.com-1ecc6299db9ec823/glsl-to-spirv-0.1.7/glslang/glslang/MachineIndependent/propagateNoContraction.h:42,
Dec 02 09:59:33.741 INFO [stderr]                  from /cargo-home/registry/src/github.com-1ecc6299db9ec823/glsl-to-spirv-0.1.7/glslang/glslang/MachineIndependent/propagateNoContraction.cpp:40:
Dec 02 09:59:33.741 INFO [stderr] /usr/include/c++/5/bits/locale_facets.h:2484:32: error: 'streamsize' has not been declared
Dec 02 09:59:33.741 INFO [stderr]        _M_pad(char_type __fill, streamsize __w, ios_base& __io,
Dec 02 09:59:33.741 INFO [stderr]                                 ^
Dec 02 09:59:33.741 INFO [stderr] In file included from /usr/include/c++/5/bits/locale_facets.h:2651:0,
Dec 02 09:59:33.741 INFO [stderr]                  from /usr/include/c++/5/bits/basic_ios.h:37,
Dec 02 09:59:33.741 INFO [stderr]                  from /usr/include/c++/5/ios:44,
Dec 02 09:59:33.741 INFO [stderr]                  from /usr/include/c++/5/istream:38,
Dec 02 09:59:33.741 INFO [stderr]                  from /usr/include/c++/5/sstream:38,
Dec 02 09:59:33.741 INFO [stderr]                  from /cargo-home/registry/src/github.com-1ecc6299db9ec823/glsl-to-spirv-0.1.7/glslang/glslang/MachineIndependent/../Include/../Include/Common.h:55,
Dec 02 09:59:33.741 INFO [stderr]                  from /cargo-home/registry/src/github.com-1ecc6299db9ec823/glsl-to-spirv-0.1.7/glslang/glslang/MachineIndependent/../Include/intermediate.h:54,
Dec 02 09:59:33.741 INFO [stderr]                  from /cargo-home/registry/src/github.com-1ecc6299db9ec823/glsl-to-spirv-0.1.7/glslang/glslang/MachineIndependent/propagateNoContraction.h:42,
Dec 02 09:59:33.741 INFO [stderr]                  from /cargo-home/registry/src/github.com-1ecc6299db9ec823/glsl-to-spirv-0.1.7/glslang/glslang/MachineIndependent/propagateNoContraction.cpp:40:
Dec 02 09:59:33.741 INFO [stderr] /usr/include/c++/5/bits/locale_facets.tcc:780:27: error: 'streamsize' has not been declared
Dec 02 09:59:33.741 INFO [stderr]      _M_pad(_CharT __fill, streamsize __w, ios_base& __io,
Dec 02 09:59:33.741 INFO [stderr]                            ^
Dec 02 09:59:33.741 INFO [stderr] /usr/include/c++/5/bits/locale_facets.tcc: In member function '_OutIter std::num_put<_CharT, _OutIter>::_M_insert_int(_OutIter, std::ios_base&, _CharT, _ValueT) const':
Dec 02 09:59:33.741 INFO [stderr] /usr/include/c++/5/bits/locale_facets.tcc:921:8: error: 'streamsize' does not name a type
Dec 02 09:59:33.741 INFO [stderr]   const streamsize __w = __io.width();
Dec 02 09:59:33.741 INFO [stderr]         ^
Dec 02 09:59:33.741 INFO [stderr] /usr/include/c++/5/bits/locale_facets.tcc:922:6: error: '__w' was not declared in this scope
Dec 02 09:59:33.741 INFO [stderr]   if (__w > static_cast<streamsize>(__len))
Dec 02 09:59:33.741 INFO [stderr]       ^
Dec 02 09:59:33.741 INFO [stderr] /usr/include/c++/5/bits/locale_facets.tcc:922:24: error: 'streamsize' does not name a type
Dec 02 09:59:33.741 INFO [stderr]   if (__w > static_cast<streamsize>(__len))
Dec 02 09:59:33.741 INFO [stderr]                         ^
Dec 02 09:59:33.741 INFO [stderr] /usr/include/c++/5/bits/locale_facets.tcc:929:7: error: 'class std::ios_base' has no member named 'width'
Dec 02 09:59:33.741 INFO [stderr]   __io.width(0);
Dec 02 09:59:33.741 INFO [stderr]        ^
Dec 02 09:59:33.741 INFO [stderr] /usr/include/c++/5/bits/locale_facets.tcc: In member function '_OutIter std::num_put<_CharT, _OutIter>::_M_insert_float(_OutIter, std::ios_base&, _CharT, char, _ValueT) const':
Dec 02 09:59:33.741 INFO [stderr] /usr/include/c++/5/bits/locale_facets.tcc:984:8: error: 'streamsize' does not name a type
Dec 02 09:59:33.741 INFO [stderr]   const streamsize __prec = __io.precision() < 0 ? 6 : __io.precision();
Dec 02 09:59:33.741 INFO [stderr]         ^
Dec 02 09:59:33.741 INFO [stderr] /usr/include/c++/5/bits/locale_facets.tcc:1006:14: error: '__prec' was not declared in this scope
Dec 02 09:59:33.741 INFO [stderr]       __fbuf, __prec, __v);
Dec 02 09:59:33.741 INFO [stderr]               ^
Dec 02 09:59:33.741 INFO [stderr] /usr/include/c++/5/bits/locale_facets.tcc:1018:18: error: '__prec' was not declared in this scope
Dec 02 09:59:33.741 INFO [stderr]           __fbuf, __prec, __v);
Dec 02 09:59:33.741 INFO [stderr]                   ^
Dec 02 09:59:33.741 INFO [stderr] /usr/include/c++/5/bits/locale_facets.tcc:1071:6: error: 'streamsize' was not declared in this scope
Dec 02 09:59:33.742 INFO [stderr]       streamsize __off = 0;
Dec 02 09:59:33.742 INFO [stderr]       ^
Dec 02 09:59:33.742 INFO [stderr] /usr/include/c++/5/bits/locale_facets.tcc:1074:3: error: '__off' was not declared in this scope
Dec 02 09:59:33.742 INFO [stderr]    __off = 1;
Dec 02 09:59:33.742 INFO [stderr]    ^
Dec 02 09:59:33.742 INFO [stderr] /usr/include/c++/5/bits/locale_facets.tcc:1080:45: error: '__off' was not declared in this scope
Dec 02 09:59:33.742 INFO [stderr]        __lc->_M_thousands_sep, __wp, __ws2 + __off,
Dec 02 09:59:33.742 INFO [stderr]                                              ^
Dec 02 09:59:33.742 INFO [stderr] /usr/include/c++/5/bits/locale_facets.tcc:1088:8: error: 'streamsize' does not name a type
Dec 02 09:59:33.742 INFO [stderr]   const streamsize __w = __io.width();
Dec 02 09:59:33.742 INFO [stderr]         ^
Dec 02 09:59:33.742 INFO [stderr] /usr/include/c++/5/bits/locale_facets.tcc:1089:6: error: '__w' was not declared in this scope
Dec 02 09:59:33.742 INFO [stderr]   if (__w > static_cast<streamsize>(__len))
Dec 02 09:59:33.742 INFO [stderr]       ^
Dec 02 09:59:33.742 INFO [stderr] /usr/include/c++/5/bits/locale_facets.tcc:1089:24: error: 'streamsize' does not name a type
Dec 02 09:59:33.742 INFO [stderr]   if (__w > static_cast<streamsize>(__len))
Dec 02 09:59:33.742 INFO [stderr]                         ^
Dec 02 09:59:33.742 INFO [stderr] /usr/include/c++/5/bits/locale_facets.tcc:1096:7: error: 'class std::ios_base' has no member named 'width'
Dec 02 09:59:33.742 INFO [stderr]   __io.width(0);
Dec 02 09:59:33.742 INFO [stderr]        ^
Dec 02 09:59:33.742 INFO [stderr] /usr/include/c++/5/bits/locale_facets.tcc: In member function 'virtual _OutIter std::num_put<_CharT, _OutIter>::do_put(std::num_put<_CharT, _OutIter>::iter_type, std::ios_base&, std::num_put<_CharT, _OutIter>::char_type, bool) const':
Dec 02 09:59:33.742 INFO [stderr] /usr/include/c++/5/bits/locale_facets.tcc:1126:10: error: 'streamsize' does not name a type
Dec 02 09:59:33.745 INFO [stderr]     const streamsize __w = __io.width();
Dec 02 09:59:33.745 INFO [stderr]           ^
Dec 02 09:59:33.745 INFO [stderr] /usr/include/c++/5/bits/locale_facets.tcc:1127:8: error: '__w' was not declared in this scope
Dec 02 09:59:33.745 INFO [stderr]     if (__w > static_cast<streamsize>(__len))
Dec 02 09:59:33.745 INFO [stderr]         ^
Dec 02 09:59:33.745 INFO [stderr] /usr/include/c++/5/bits/locale_facets.tcc:1127:26: error: 'streamsize' does not name a type
Dec 02 09:59:33.745 INFO [stderr]     if (__w > static_cast<streamsize>(__len))
Dec 02 09:59:33.745 INFO [stderr]                           ^
Dec 02 09:59:33.745 INFO [stderr] /usr/include/c++/5/bits/locale_facets.tcc:1129:14: error: 'streamsize' does not name a type
Dec 02 09:59:33.745 INFO [stderr]         const streamsize __plen = __w - __len;
Dec 02 09:59:33.745 INFO [stderr]               ^
Dec 02 09:59:33.745 INFO [stderr] /usr/include/c++/5/bits/locale_facets.tcc:1132:10: error: '__plen' was not declared in this scope
Dec 02 09:59:33.745 INFO [stderr]         * __plen));
Dec 02 09:59:33.745 INFO [stderr]           ^
Dec 02 09:59:33.745 INFO [stderr] /usr/include/c++/5/bits/locale_facets.tcc:1135:13: error: 'class std::ios_base' has no member named 'width'
Dec 02 09:59:33.745 INFO [stderr]         __io.width(0);
Dec 02 09:59:33.745 INFO [stderr]              ^
Dec 02 09:59:33.745 INFO [stderr] /usr/include/c++/5/bits/locale_facets.tcc:1149:9: error: 'class std::ios_base' has no member named 'width'
Dec 02 09:59:33.745 INFO [stderr]     __io.width(0);
Dec 02 09:59:33.745 INFO [stderr]          ^
Dec 02 09:59:33.745 INFO [stderr] /usr/include/c++/5/bits/locale_facets.tcc: At global scope:
Dec 02 09:59:33.745 INFO [stderr] /usr/include/c++/5/bits/locale_facets.tcc:1210:8: error: 'streamsize' has not been declared
Dec 02 09:59:33.745 INFO [stderr]         streamsize __newlen, streamsize __oldlen)
Dec 02 09:59:33.745 INFO [stderr]         ^
Dec 02 09:59:33.745 INFO [stderr] /usr/include/c++/5/bits/locale_facets.tcc:1210:29: error: 'streamsize' has not been declared
Dec 02 09:59:33.745 INFO [stderr]         streamsize __newlen, streamsize __oldlen)
Dec 02 09:59:33.745 INFO [stderr]                              ^
Dec 02 09:59:33.745 INFO [stderr] In file included from /usr/include/c++/5/ios:44:0,
Dec 02 09:59:33.745 INFO [stderr]                  from /usr/include/c++/5/istream:38,
Dec 02 09:59:33.745 INFO [stderr]                  from /usr/include/c++/5/sstream:38,
Dec 02 09:59:33.745 INFO [stderr]                  from /cargo-home/registry/src/github.com-1ecc6299db9ec823/glsl-to-spirv-0.1.7/glslang/glslang/MachineIndependent/../Include/../Include/Common.h:55,
Dec 02 09:59:33.745 INFO [stderr]                  from /cargo-home/registry/src/github.com-1ecc6299db9ec823/glsl-to-spirv-0.1.7/glslang/glslang/MachineIndependent/../Include/intermediate.h:54,
Dec 02 09:59:33.745 INFO [stderr]                  from /cargo-home/registry/src/github.com-1ecc6299db9ec823/glsl-to-spirv-0.1.7/glslang/glslang/MachineIndependent/propagateNoContraction.h:42,
Dec 02 09:59:33.745 INFO [stderr]                  from /cargo-home/registry/src/github.com-1ecc6299db9ec823/glsl-to-spirv-0.1.7/glslang/glslang/MachineIndependent/propagateNoContraction.cpp:40:
Dec 02 09:59:33.745 INFO [stderr] /usr/include/c++/5/bits/basic_ios.h: In instantiation of 'class std::basic_ios<char>':
Dec 02 09:59:33.745 INFO [stderr] /usr/include/c++/5/bits/basic_ios.tcc:178:25:   required from here
Dec 02 09:59:33.745 INFO [stderr] /usr/include/c++/5/bits/basic_ios.h:78:54: error: no type named 'pos_type' in 'struct std::char_traits<char>'
Dec 02 09:59:33.745 INFO [stderr]        typedef typename _Traits::pos_type             pos_type;
Dec 02 09:59:33.745 INFO [stderr]                                                       ^
Dec 02 09:59:33.745 INFO [stderr] /usr/include/c++/5/bits/basic_ios.h:79:54: error: no type named 'off_type' in 'struct std::char_traits<char>'
Dec 02 09:59:33.745 INFO [stderr]        typedef typename _Traits::off_type             off_type;
Dec 02 09:59:33.745 INFO [stderr]                                                       ^
Dec 02 09:59:33.745 INFO [stderr] /usr/include/c++/5/bits/basic_ios.h: In instantiation of 'class std::basic_ios<wchar_t>':
Dec 02 09:59:33.746 INFO [stderr] /usr/include/c++/5/bits/basic_ios.tcc:181:25:   required from here
Dec 02 09:59:33.746 INFO [stderr] /usr/include/c++/5/bits/basic_ios.h:78:54: error: no type named 'pos_type' in 'struct std::char_traits<wchar_t>'
Dec 02 09:59:33.746 INFO [stderr]        typedef typename _Traits::pos_type             pos_type;
Dec 02 09:59:33.746 INFO [stderr]                                                       ^
Dec 02 09:59:33.746 INFO [stderr] /usr/include/c++/5/bits/basic_ios.h:79:54: error: no type named 'off_type' in 'struct std::char_traits<wchar_t>'
Dec 02 09:59:33.746 INFO [stderr]        typedef typename _Traits::off_type             off_type;
Dec 02 09:59:33.746 INFO [stderr]                                                       ^
Dec 02 09:59:33.746 INFO [stderr] In file included from /usr/include/c++/5/istream:39:0,
Dec 02 09:59:33.746 INFO [stderr]                  from /usr/include/c++/5/sstream:38,
Dec 02 09:59:33.746 INFO [stderr]                  from /cargo-home/registry/src/github.com-1ecc6299db9ec823/glsl-to-spirv-0.1.7/glslang/glslang/MachineIndependent/../Include/../Include/Common.h:55,
Dec 02 09:59:33.746 INFO [stderr]                  from /cargo-home/registry/src/github.com-1ecc6299db9ec823/glsl-to-spirv-0.1.7/glslang/glslang/MachineIndependent/../Include/intermediate.h:54,
Dec 02 09:59:33.746 INFO [stderr]                  from /cargo-home/registry/src/github.com-1ecc6299db9ec823/glsl-to-spirv-0.1.7/glslang/glslang/MachineIndependent/propagateNoContraction.h:42,
Dec 02 09:59:33.746 INFO [stderr]                  from /cargo-home/registry/src/github.com-1ecc6299db9ec823/glsl-to-spirv-0.1.7/glslang/glslang/MachineIndependent/propagateNoContraction.cpp:40:
Dec 02 09:59:33.746 INFO [stderr] /usr/include/c++/5/ostream:311:38: error: 'streamsize' has not been declared
Dec 02 09:59:33.746 INFO [stderr]        _M_write(const char_type* __s, streamsize __n)
Dec 02 09:59:33.746 INFO [stderr]                                       ^
Dec 02 09:59:33.746 INFO [stderr] /usr/include/c++/5/ostream:335:35: error: 'streamsize' has not been declared
Dec 02 09:59:33.746 INFO [stderr]        write(const char_type* __s, streamsize __n);
Dec 02 09:59:33.746 INFO [stderr]                                    ^
Dec 02 09:59:33.746 INFO [stderr] /usr/include/c++/5/ostream: In member function 'void std::basic_ostream<_CharT, _Traits>::_M_write(const char_type*, int)':
Dec 02 09:59:33.746 INFO [stderr] /usr/include/c++/5/ostream:313:8: error: 'streamsize' does not name a type
Dec 02 09:59:33.746 INFO [stderr]   const streamsize __put = this->rdbuf()->sputn(__s, __n);
Dec 02 09:59:33.746 INFO [stderr]         ^
Dec 02 09:59:33.746 INFO [stderr] /usr/include/c++/5/ostream:314:6: error: '__put' was not declared in this scope
Dec 02 09:59:33.746 INFO [stderr]   if (__put != __n)
Dec 02 09:59:33.746 INFO [stderr]       ^
Dec 02 09:59:33.746 INFO [stderr] /usr/include/c++/5/ostream: In function 'std::basic_ostream<_CharT, _Traits>& std::operator<<(std::basic_ostream<_CharT, _Traits>&, const _CharT*)':
Dec 02 09:59:33.746 INFO [stderr] /usr/include/c++/5/ostream:545:17: error: 'streamsize' does not name a type
Dec 02 09:59:33.746 INFO [stderr]      static_cast<streamsize>(_Traits::length(__s)));
Dec 02 09:59:33.746 INFO [stderr]                  ^
Dec 02 09:59:33.746 INFO [stderr] /usr/include/c++/5/ostream: In function 'std::basic_ostream<char, _Traits>& std::operator<<(std::basic_ostream<char, _Traits>&, const char*)':
Dec 02 09:59:33.746 INFO [stderr] /usr/include/c++/5/ostream:562:17: error: 'streamsize' does not name a type
Dec 02 09:59:33.746 INFO [stderr]      static_cast<streamsize>(_Traits::length(__s)));
Dec 02 09:59:33.746 INFO [stderr]                  ^
Dec 02 09:59:33.746 INFO [stderr] In file included from /usr/include/c++/5/ostream:638:0,
Dec 02 09:59:33.746 INFO [stderr]                  from /usr/include/c++/5/istream:39,
Dec 02 09:59:33.746 INFO [stderr]                  from /usr/include/c++/5/sstream:38,
Dec 02 09:59:33.746 INFO [stderr]                  from /cargo-home/registry/src/github.com-1ecc6299db9ec823/glsl-to-spirv-0.1.7/glslang/glslang/MachineIndependent/../Include/../Include/Common.h:55,
Dec 02 09:59:33.746 INFO [stderr]                  from /cargo-home/registry/src/github.com-1ecc6299db9ec823/glsl-to-spirv-0.1.7/glslang/glslang/MachineIndependent/../Include/intermediate.h:54,
Dec 02 09:59:33.746 INFO [stderr]                  from /cargo-home/registry/src/github.com-1ecc6299db9ec823/glsl-to-spirv-0.1.7/glslang/glslang/MachineIndependent/propagateNoContraction.h:42,
Dec 02 09:59:33.746 INFO [stderr]                  from /cargo-home/registry/src/github.com-1ecc6299db9ec823/glsl-to-spirv-0.1.7/glslang/glslang/MachineIndependent/propagateNoContraction.cpp:40:
Dec 02 09:59:33.746 INFO [stderr] /usr/include/c++/5/bits/ostream.tcc: At global scope:
Dec 02 09:59:33.746 INFO [stderr] /usr/include/c++/5/bits/ostream.tcc:183:30: error: 'streamsize' has not been declared
Dec 02 09:59:33.746 INFO [stderr]      write(const _CharT* __s, streamsize __n)
Dec 02 09:59:33.746 INFO [stderr]                               ^
Dec 02 09:59:33.746 INFO [stderr] In file included from /usr/include/c++/5/istream:39:0,
Dec 02 09:59:33.746 INFO [stderr]                  from /usr/include/c++/5/sstream:38,
Dec 02 09:59:33.746 INFO [stderr]                  from /cargo-home/registry/src/github.com-1ecc6299db9ec823/glsl-to-spirv-0.1.7/glslang/glslang/MachineIndependent/../Include/../Include/Common.h:55,
Dec 02 09:59:33.746 INFO [stderr]                  from /cargo-home/registry/src/github.com-1ecc6299db9ec823/glsl-to-spirv-0.1.7/glslang/glslang/MachineIndependent/../Include/intermediate.h:54,
Dec 02 09:59:33.746 INFO [stderr]                  from /cargo-home/registry/src/github.com-1ecc6299db9ec823/glsl-to-spirv-0.1.7/glslang/glslang/MachineIndependent/propagateNoContraction.h:42,
Dec 02 09:59:33.746 INFO [stderr]                  from /cargo-home/registry/src/github.com-1ecc6299db9ec823/glsl-to-spirv-0.1.7/glslang/glslang/MachineIndependent/propagateNoContraction.cpp:40:
Dec 02 09:59:33.746 INFO [stderr] /usr/include/c++/5/ostream: In instantiation of 'class std::basic_ostream<char>':
Dec 02 09:59:33.746 INFO [stderr] /usr/include/c++/5/bits/ostream.tcc:359:25:   required from here
Dec 02 09:59:33.746 INFO [stderr] /usr/include/c++/5/ostream:64:44: error: no type named 'pos_type' in 'struct std::char_traits<char>'
Dec 02 09:59:33.746 INFO [stderr]        typedef typename _Traits::pos_type   pos_type;
Dec 02 09:59:33.746 INFO [stderr]                                             ^
Dec 02 09:59:33.746 INFO [stderr] /usr/include/c++/5/ostream:65:44: error: no type named 'off_type' in 'struct std::char_traits<char>'
Dec 02 09:59:33.746 INFO [stderr]        typedef typename _Traits::off_type   off_type;
Dec 02 09:59:33.746 INFO [stderr]                                             ^
Dec 02 09:59:33.746 INFO [stderr] /usr/include/c++/5/ostream: In instantiation of 'class std::basic_ostream<wchar_t>':
Dec 02 09:59:33.746 INFO [stderr] /usr/include/c++/5/bits/ostream.tcc:382:25:   required from here
Dec 02 09:59:33.746 INFO [stderr] /usr/include/c++/5/ostream:64:44: error: no type named 'pos_type' in 'struct std::char_traits<wchar_t>'
Dec 02 09:59:33.746 INFO [stderr]        typedef typename _Traits::pos_type   pos_type;
Dec 02 09:59:33.746 INFO [stderr]                                             ^
Dec 02 09:59:33.746 INFO [stderr] /usr/include/c++/5/ostream:65:44: error: no type named 'off_type' in 'struct std::char_traits<wchar_t>'
Dec 02 09:59:33.746 INFO [stderr]        typedef typename _Traits::off_type   off_type;
Dec 02 09:59:33.746 INFO [stderr]                                             ^
Dec 02 09:59:33.746 INFO [stderr] In file included from /usr/include/c++/5/sstream:38:0,
Dec 02 09:59:33.746 INFO [stderr]                  from /cargo-home/registry/src/github.com-1ecc6299db9ec823/glsl-to-spirv-0.1.7/glslang/glslang/MachineIndependent/../Include/../Include/Common.h:55,
Dec 02 09:59:33.746 INFO [stderr]                  from /cargo-home/registry/src/github.com-1ecc6299db9ec823/glsl-to-spirv-0.1.7/glslang/glslang/MachineIndependent/../Include/intermediate.h:54,
Dec 02 09:59:33.746 INFO [stderr]                  from /cargo-home/registry/src/github.com-1ecc6299db9ec823/glsl-to-spirv-0.1.7/glslang/glslang/MachineIndependent/propagateNoContraction.h:42,
Dec 02 09:59:33.746 INFO [stderr]                  from /cargo-home/registry/src/github.com-1ecc6299db9ec823/glsl-to-spirv-0.1.7/glslang/glslang/MachineIndependent/propagateNoContraction.cpp:40:
Dec 02 09:59:33.746 INFO [stderr] /usr/include/c++/5/istream:82:7: error: 'streamsize' does not name a type
Dec 02 09:59:33.746 INFO [stderr]        streamsize   _M_gcount;
Dec 02 09:59:33.746 INFO [stderr]        ^
Dec 02 09:59:33.746 INFO [stderr] /usr/include/c++/5/istream:268:7: error: 'streamsize' does not name a type
Dec 02 09:59:33.746 INFO [stderr]        streamsize
Dec 02 09:59:33.746 INFO [stderr]        ^
Dec 02 09:59:33.746 INFO [stderr] /usr/include/c++/5/istream:343:27: error: 'streamsize' has not been declared
Dec 02 09:59:33.746 INFO [stderr]        get(char_type* __s, streamsize __n, char_type __delim);
Dec 02 09:59:33.746 INFO [stderr]                            ^
Dec 02 09:59:33.746 INFO [stderr] /usr/include/c++/5/istream:354:27: error: 'streamsize' has not been declared
Dec 02 09:59:33.747 INFO [stderr]        get(char_type* __s, streamsize __n)
Dec 02 09:59:33.747 INFO [stderr]                            ^
Dec 02 09:59:33.747 INFO [stderr] /usr/include/c++/5/istream:416:31: error: 'streamsize' has not been declared
Dec 02 09:59:33.747 INFO [stderr]        getline(char_type* __s, streamsize __n, char_type __delim);
Dec 02 09:59:33.747 INFO [stderr]                                ^
Dec 02 09:59:33.747 INFO [stderr] /usr/include/c++/5/istream:427:31: error: 'streamsize' has not been declared
Dec 02 09:59:33.747 INFO [stderr]        getline(char_type* __s, streamsize __n)
Dec 02 09:59:33.747 INFO [stderr]                                ^
Dec 02 09:59:33.747 INFO [stderr] /usr/include/c++/5/istream:451:7: error: expected ';' at end of member declaration
Dec 02 09:59:33.747 INFO [stderr]        ignore(streamsize __n, int_type __delim);
Dec 02 09:59:33.747 INFO [stderr]        ^
Dec 02 09:59:33.747 INFO [stderr] /usr/include/c++/5/istream:451:25: error: expected ')' before '__n'
Dec 02 09:59:33.747 INFO [stderr]        ignore(streamsize __n, int_type __delim);
Dec 02 09:59:33.747 INFO [stderr]                          ^
Dec 02 09:59:33.747 INFO [stderr] /usr/include/c++/5/istream:454:7: error: expected ';' at end of member declaration
Dec 02 09:59:33.747 INFO [stderr]        ignore(streamsize __n);
Dec 02 09:59:33.747 INFO [stderr]        ^
Dec 02 09:59:33.747 INFO [stderr] /usr/include/c++/5/istream:454:14: error: redeclaration of 'std::basic_istream<_CharT, _Traits>::__istream_type& std::basic_istream<_CharT, _Traits>::ignore'
Dec 02 09:59:33.747 INFO [stderr]        ignore(streamsize __n);
Dec 02 09:59:33.747 INFO [stderr]               ^
Dec 02 09:59:33.747 INFO [stderr] /usr/include/c++/5/istream:451:14: note: previous declaration 'std::basic_istream<_CharT, _Traits>::__istream_type& std::basic_istream<_CharT, _Traits>::ignore'
Dec 02 09:59:33.747 INFO [stderr]        ignore(streamsize __n, int_type __delim);
Dec 02 09:59:33.747 INFO [stderr]               ^
Dec 02 09:59:33.747 INFO [stderr] /usr/include/c++/5/istream:454:25: error: expected ')' before '__n'
Dec 02 09:59:33.747 INFO [stderr]        ignore(streamsize __n);
Dec 02 09:59:33.747 INFO [stderr]                          ^
Dec 02 09:59:33.747 INFO [stderr] /usr/include/c++/5/istream:457:14: error: 'std::basic_istream<_CharT, _Traits>::__istream_type& std::basic_istream<_CharT, _Traits>::ignore()' conflicts with a previous declaration
Dec 02 09:59:33.747 INFO [stderr]        ignore();
Dec 02 09:59:33.747 INFO [stderr]               ^
Dec 02 09:59:33.747 INFO [stderr] /usr/include/c++/5/istream:451:14: note: previous declaration 'std::basic_istream<_CharT, _Traits>::__istream_type& std::basic_istream<_CharT, _Traits>::ignore'
Dec 02 09:59:33.747 INFO [stderr]        ignore(streamsize __n, int_type __delim);
Dec 02 09:59:33.747 INFO [stderr]               ^
Dec 02 09:59:33.747 INFO [stderr] /usr/include/c++/5/istream:486:28: error: 'streamsize' has not been declared
Dec 02 09:59:33.747 INFO [stderr]        read(char_type* __s, streamsize __n);
Dec 02 09:59:33.747 INFO [stderr]                             ^
Dec 02 09:59:33.747 INFO [stderr] /usr/include/c++/5/istream:504:7: error: 'streamsize' does not name a type
Dec 02 09:59:33.747 INFO [stderr]        streamsize
Dec 02 09:59:33.747 INFO [stderr]        ^
Dec 02 09:59:33.747 INFO [stderr] /usr/include/c++/5/istream: In constructor 'std::basic_istream<_CharT, _Traits>::basic_istream(std::basic_istream<_CharT, _Traits>::__streambuf_type*)':
Dec 02 09:59:33.747 INFO [stderr] /usr/include/c++/5/istream:94:9: error: class 'std::basic_istream<_CharT, _Traits>' does not have any field named '_M_gcount'
Dec 02 09:59:33.747 INFO [stderr]        : _M_gcount(streamsize(0))
Dec 02 09:59:33.747 INFO [stderr]          ^
Dec 02 09:59:33.747 INFO [stderr] /usr/include/c++/5/istream:94:31: error: there are no arguments to 'streamsize' that depend on a template parameter, so a declaration of 'streamsize' must be available [-fpermissive]
Dec 02 09:59:33.747 INFO [stderr]        : _M_gcount(streamsize(0))
Dec 02 09:59:33.747 INFO [stderr]                                ^
Dec 02 09:59:33.747 INFO [stderr] /usr/include/c++/5/istream:94:31: note: (if you use '-fpermissive', G++ will accept your code, but allowing the use of an undeclared name is deprecated)
Dec 02 09:59:33.747 INFO [stderr] /usr/include/c++/5/istream: In destructor 'virtual std::basic_istream<_CharT, _Traits>::~basic_istream()':
Dec 02 09:59:33.747 INFO [stderr] /usr/include/c++/5/istream:104:9: error: '_M_gcount' was not declared in this scope
Dec 02 09:59:33.747 INFO [stderr]        { _M_gcount = streamsize(0); }
Dec 02 09:59:33.747 INFO [stderr]          ^
Dec 02 09:59:33.747 INFO [stderr] /usr/include/c++/5/istream:104:33: error: there are no arguments to 'streamsize' that depend on a template parameter, so a declaration of 'streamsize' must be available [-fpermissive]
Dec 02 09:59:33.747 INFO [stderr]        { _M_gcount = streamsize(0); }
Dec 02 09:59:33.747 INFO [stderr]                                  ^
Dec 02 09:59:33.747 INFO [stderr] /usr/include/c++/5/istream: In constructor 'std::basic_istream<_CharT, _Traits>::basic_istream()':
Dec 02 09:59:33.747 INFO [stderr] /usr/include/c++/5/istream:607:9: error: class 'std::basic_istream<_CharT, _Traits>' does not have any field named '_M_gcount'
Dec 02 09:59:33.747 INFO [stderr]        : _M_gcount(streamsize(0))
Dec 02 09:59:33.747 INFO [stderr]          ^
Dec 02 09:59:33.747 INFO [stderr] /usr/include/c++/5/istream:607:31: error: there are no arguments to 'streamsize' that depend on a template parameter, so a declaration of 'streamsize' must be available [-fpermissive]
Dec 02 09:59:33.747 INFO [stderr]        : _M_gcount(streamsize(0))
Dec 02 09:59:33.747 INFO [stderr]                                ^
Dec 02 09:59:33.747 INFO [stderr] /usr/include/c++/5/istream: In constructor 'std::basic_istream<_CharT, _Traits>::basic_istream(std::basic_istream<_CharT, _Traits>&&)':
Dec 02 09:59:33.747 INFO [stderr] /usr/include/c++/5/istream:614:23: error: class 'std::basic_istream<_CharT, _Traits>' does not have any field named '_M_gcount'
Dec 02 09:59:33.747 INFO [stderr]        : __ios_type(), _M_gcount(__rhs._M_gcount)
Dec 02 09:59:33.747 INFO [stderr]                        ^
Dec 02 09:59:33.747 INFO [stderr] /usr/include/c++/5/istream: In member function 'void std::basic_istream<_CharT, _Traits>::swap(std::basic_istream<_CharT, _Traits>&)':
Dec 02 09:59:33.747 INFO [stderr] /usr/include/c++/5/istream:635:12: error: '_M_gcount' was not declared in this scope
Dec 02 09:59:33.747 INFO [stderr]   std::swap(_M_gcount, __rhs._M_gcount);
Dec 02 09:59:33.747 INFO [stderr]             ^
Dec 02 09:59:33.747 INFO [stderr] /usr/include/c++/5/istream: In instantiation of 'class std::basic_istream<char>':
Dec 02 09:59:33.747 INFO [stderr] /usr/include/c++/5/istream:647:24:   required from here
Dec 02 09:59:33.747 INFO [stderr] /usr/include/c++/5/istream:64:44: error: no type named 'pos_type' in 'struct std::char_traits<char>'
Dec 02 09:59:33.747 INFO [stderr]        typedef typename _Traits::pos_type   pos_type;
Dec 02 09:59:33.747 INFO [stderr]                                             ^
Dec 02 09:59:33.747 INFO [stderr] /usr/include/c++/5/istream:65:44: error: no type named 'off_type' in 'struct std::char_traits<char>'
Dec 02 09:59:33.747 INFO [stderr]        typedef typename _Traits::off_type   off_type;
Dec 02 09:59:33.747 INFO [stderr]                                             ^
Dec 02 09:59:33.747 INFO [stderr] /usr/include/c++/5/istream:451:14: error: 'std::basic_istream<_CharT, _Traits>::__istream_type& std::basic_istream<_CharT, _Traits>::ignore() [with _CharT = char; _Traits = std::char_traits<char>; std::basic_istream<_CharT, _Traits>::__istream_type = std::basic_istream<char>]' conflicts with a previous declaration
Dec 02 09:59:33.747 INFO [stderr]        ignore(streamsize __n, int_type __delim);
Dec 02 09:59:33.747 INFO [stderr]               ^
Dec 02 09:59:33.747 INFO [stderr] /usr/include/c++/5/istream:451:14: note: previous declaration 'std::basic_istream<char>::__istream_type& std::basic_istream<char>::ignore'
Dec 02 09:59:33.747 INFO [stderr] /usr/include/c++/5/istream: At global scope:
Dec 02 09:59:33.747 INFO [stderr] /usr/include/c++/5/istream:648:29: error: 'streamsize' has not been declared
Dec 02 09:59:33.748 INFO [stderr]      getline(char_type* __s, streamsize __n, char_type __delim);
Dec 02 09:59:33.748 INFO [stderr]                              ^
Dec 02 09:59:33.748 INFO [stderr] /usr/include/c++/5/istream:653:12: error: 'std::basic_istream<char>& std::basic_istream<char>::ignore' is not a static data member of 'class std::basic_istream<char>'
Dec 02 09:59:33.748 INFO [stderr]      ignore(streamsize __n);
Dec 02 09:59:33.748 INFO [stderr]             ^
Dec 02 09:59:33.748 INFO [stderr] /usr/include/c++/5/istream:653:12: error: 'streamsize' was not declared in this scope
Dec 02 09:59:33.748 INFO [stderr] /usr/include/c++/5/istream:658:12: error: 'std::basic_istream<char>& std::basic_istream<char>::ignore' is not a static data member of 'class std::basic_istream<char>'
Dec 02 09:59:33.748 INFO [stderr]      ignore(streamsize __n, int_type __delim);
Dec 02 09:59:33.748 INFO [stderr]             ^
Dec 02 09:59:33.748 INFO [stderr] /usr/include/c++/5/istream:658:12: error: 'streamsize' was not declared in this scope
Dec 02 09:59:33.748 INFO [stderr] /usr/include/c++/5/istream:658:37: error: expected primary-expression before '__delim'
Dec 02 09:59:33.748 INFO [stderr]      ignore(streamsize __n, int_type __delim);
Dec 02 09:59:33.748 INFO [stderr]                                      ^
Dec 02 09:59:33.748 INFO [stderr] /usr/include/c++/5/istream:658:44: error: expression list treated as compound expression in initializer [-fpermissive]
Dec 02 09:59:33.748 INFO [stderr]      ignore(streamsize __n, int_type __delim);
Dec 02 09:59:33.748 INFO [stderr]                                             ^
Dec 02 09:59:33.748 INFO [stderr] /usr/include/c++/5/istream: In instantiation of 'class std::basic_istream<wchar_t>':
Dec 02 09:59:33.748 INFO [stderr] /usr/include/c++/5/istream:663:27:   required from here
Dec 02 09:59:33.748 INFO [stderr] /usr/include/c++/5/istream:64:44: error: no type named 'pos_type' in 'struct std::char_traits<wchar_t>'
Dec 02 09:59:33.748 INFO [stderr]        typedef typename _Traits::pos_type   pos_type;
Dec 02 09:59:33.748 INFO [stderr]                                             ^
Dec 02 09:59:33.748 INFO [stderr] /usr/include/c++/5/istream:65:44: error: no type named 'off_type' in 'struct std::char_traits<wchar_t>'
Dec 02 09:59:33.748 INFO [stderr]        typedef typename _Traits::off_type   off_type;
Dec 02 09:59:33.748 INFO [stderr]                                             ^
Dec 02 09:59:33.748 INFO [stderr] /usr/include/c++/5/istream:451:14: error: 'std::basic_istream<_CharT, _Traits>::__istream_type& std::basic_istream<_CharT, _Traits>::ignore() [with _CharT = wchar_t; _Traits = std::char_traits<wchar_t>; std::basic_istream<_CharT, _Traits>::__istream_type = std::basic_istream<wchar_t>]' conflicts with a previous declaration
Dec 02 09:59:33.748 INFO [stderr]        ignore(streamsize __n, int_type __delim);
Dec 02 09:59:33.748 INFO [stderr]               ^
Dec 02 09:59:33.748 INFO [stderr] /usr/include/c++/5/istream:451:14: note: previous declaration 'std::basic_istream<wchar_t>::__istream_type& std::basic_istream<wchar_t>::ignore'
Dec 02 09:59:33.748 INFO [stderr] /usr/include/c++/5/istream:664:29: error: 'streamsize' has not been declared
Dec 02 09:59:33.748 INFO [stderr]      getline(char_type* __s, streamsize __n, char_type __delim);
Dec 02 09:59:33.748 INFO [stderr]                              ^
Dec 02 09:59:33.748 INFO [stderr] /usr/include/c++/5/istream:669:12: error: 'std::basic_istream<wchar_t>& std::basic_istream<wchar_t>::ignore' is not a static data member of 'class std::basic_istream<wchar_t>'
Dec 02 09:59:33.748 INFO [stderr]      ignore(streamsize __n);
Dec 02 09:59:33.748 INFO [stderr]             ^
Dec 02 09:59:33.748 INFO [stderr] /usr/include/c++/5/istream:669:12: error: 'streamsize' was not declared in this scope
Dec 02 09:59:33.748 INFO [stderr] /usr/include/c++/5/istream:674:12: error: 'std::basic_istream<wchar_t>& std::basic_istream<wchar_t>::ignore' is not a static data member of 'class std::basic_istream<wchar_t>'
Dec 02 09:59:33.748 INFO [stderr]      ignore(streamsize __n, int_type __delim);
Dec 02 09:59:33.748 INFO [stderr]             ^
Dec 02 09:59:33.748 INFO [stderr] /usr/include/c++/5/istream:674:12: error: 'streamsize' was not declared in this scope
Dec 02 09:59:33.748 INFO [stderr] /usr/include/c++/5/istream:674:37: error: expected primary-expression before '__delim'
Dec 02 09:59:33.748 INFO [stderr]      ignore(streamsize __n, int_type __delim);
Dec 02 09:59:33.748 INFO [stderr]                                      ^
Dec 02 09:59:33.748 INFO [stderr] /usr/include/c++/5/istream:674:44: error: expression list treated as compound expression in initializer [-fpermissive]
Dec 02 09:59:33.748 INFO [stderr]      ignore(streamsize __n, int_type __delim);
Dec 02 09:59:33.748 INFO [stderr]                                             ^
Dec 02 09:59:33.748 INFO [stderr] In file included from /usr/include/c++/5/istream:934:0,
Dec 02 09:59:33.748 INFO [stderr]                  from /usr/include/c++/5/sstream:38,
Dec 02 09:59:33.748 INFO [stderr]                  from /cargo-home/registry/src/github.com-1ecc6299db9ec823/glsl-to-spirv-0.1.7/glslang/glslang/MachineIndependent/../Include/../Include/Common.h:55,
Dec 02 09:59:33.748 INFO [stderr]                  from /cargo-home/registry/src/github.com-1ecc6299db9ec823/glsl-to-spirv-0.1.7/glslang/glslang/MachineIndependent/../Include/intermediate.h:54,
Dec 02 09:59:33.748 INFO [stderr]                  from /cargo-home/registry/src/github.com-1ecc6299db9ec823/glsl-to-spirv-0.1.7/glslang/glslang/MachineIndependent/propagateNoContraction.h:42,
Dec 02 09:59:33.748 INFO [stderr]                  from /cargo-home/registry/src/github.com-1ecc6299db9ec823/glsl-to-spirv-0.1.7/glslang/glslang/MachineIndependent/propagateNoContraction.cpp:40:
Dec 02 09:59:33.748 INFO [stderr] /usr/include/c++/5/bits/istream.tcc: In member function 'std::basic_istream<_CharT, _Traits>::int_type std::basic_istream<_CharT, _Traits>::get()':
Dec 02 09:59:33.748 INFO [stderr] /usr/include/c++/5/bits/istream.tcc:240:7: error: '_M_gcount' was not declared in this scope
Dec 02 09:59:33.748 INFO [stderr]        _M_gcount = 0;
Dec 02 09:59:33.748 INFO [stderr]        ^
Dec 02 09:59:33.748 INFO [stderr] /usr/include/c++/5/bits/istream.tcc: In member function 'std::basic_istream<_CharT, _Traits>& std::basic_istream<_CharT, _Traits>::get(std::basic_istream<_CharT, _Traits>::char_type&)':
Dec 02 09:59:33.748 INFO [stderr] /usr/include/c++/5/bits/istream.tcc:274:7: error: '_M_gcount' was not declared in this scope
Dec 02 09:59:33.748 INFO [stderr]        _M_gcount = 0;
Dec 02 09:59:33.748 INFO [stderr]        ^
Dec 02 09:59:33.748 INFO [stderr] /usr/include/c++/5/bits/istream.tcc: At global scope:
Dec 02 09:59:33.748 INFO [stderr] /usr/include/c++/5/bits/istream.tcc:309:25: error: 'streamsize' has not been declared
Dec 02 09:59:33.748 INFO [stderr]      get(char_type* __s, streamsize __n, char_type __delim)
Dec 02 09:59:33.748 INFO [stderr]                          ^
Dec 02 09:59:33.748 INFO [stderr] /usr/include/c++/5/bits/istream.tcc: In member function 'std::basic_istream<_CharT, _Traits>& std::basic_istream<_CharT, _Traits>::get(std::basic_istream<_CharT, _Traits>::char_type*, int, std::basic_istream<_CharT, _Traits>::char_type)':
Dec 02 09:59:33.748 INFO [stderr] /usr/include/c++/5/bits/istream.tcc:311:7: error: '_M_gcount' was not declared in this scope
Dec 02 09:59:33.748 INFO [stderr]        _M_gcount = 0;
Dec 02 09:59:33.748 INFO [stderr]        ^
Dec 02 09:59:33.748 INFO [stderr] /usr/include/c++/5/bits/istream.tcc: In member function 'std::basic_istream<_CharT, _Traits>& std::basic_istream<_CharT, _Traits>::get(std::basic_istream<_CharT, _Traits>::__streambuf_type&, std::basic_istream<_CharT, _Traits>::char_type)':
Dec 02 09:59:33.748 INFO [stderr] /usr/include/c++/5/bits/istream.tcc:358:7: error: '_M_gcount' was not declared in this scope
Dec 02 09:59:33.748 INFO [stderr]        _M_gcount = 0;
Dec 02 09:59:33.748 INFO [stderr]        ^
Dec 02 09:59:33.748 INFO [stderr] /usr/include/c++/5/bits/istream.tcc: At global scope:
Dec 02 09:59:33.748 INFO [stderr] /usr/include/c++/5/bits/istream.tcc:400:29: error: 'streamsize' has not been declared
Dec 02 09:59:33.748 INFO [stderr]      getline(char_type* __s, streamsize __n, char_type __delim)
Dec 02 09:59:33.748 INFO [stderr]                              ^
Dec 02 09:59:33.748 INFO [stderr] /usr/include/c++/5/bits/istream.tcc: In member function 'std::basic_istream<_CharT, _Traits>& std::basic_istream<_CharT, _Traits>::getline(std::basic_istream<_CharT, _Traits>::char_type*, int, std::basic_istream<_CharT, _Traits>::char_type)':
Dec 02 09:59:33.748 INFO [stderr] /usr/include/c++/5/bits/istream.tcc:402:7: error: '_M_gcount' was not declared in this scope
Dec 02 09:59:33.748 INFO [stderr]        _M_gcount = 0;
Dec 02 09:59:33.748 INFO [stderr]        ^
Dec 02 09:59:33.748 INFO [stderr] /usr/include/c++/5/bits/istream.tcc: In member function 'std::basic_istream<_CharT, _Traits>& std::basic_istream<_CharT, _Traits>::ignore()':
Dec 02 09:59:33.748 INFO [stderr] /usr/include/c++/5/bits/istream.tcc:462:7: error: '_M_gcount' was not declared in this scope
Dec 02 09:59:33.748 INFO [stderr]        _M_gcount = 0;
Dec 02 09:59:33.748 INFO [stderr]        ^
Dec 02 09:59:33.748 INFO [stderr] /usr/include/c++/5/bits/istream.tcc: At global scope:
Dec 02 09:59:33.748 INFO [stderr] /usr/include/c++/5/bits/istream.tcc:493:12: error: 'std::basic_istream<_CharT, _Traits>& std::basic_istream<_CharT, _Traits>::ignore' is not a static data member of 'class std::basic_istream<_CharT, _Traits>'
Dec 02 09:59:33.749 INFO [stderr]      ignore(streamsize __n)
Dec 02 09:59:33.749 INFO [stderr]             ^
Dec 02 09:59:33.749 INFO [stderr] /usr/include/c++/5/bits/istream.tcc:493:12: error: template definition of non-template 'std::basic_istream<_CharT, _Traits>& std::basic_istream<_CharT, _Traits>::ignore'
Dec 02 09:59:33.749 INFO [stderr] /usr/include/c++/5/bits/istream.tcc:493:12: error: 'streamsize' was not declared in this scope
Dec 02 09:59:33.749 INFO [stderr] /usr/include/c++/5/bits/istream.tcc:555:12: error: 'std::basic_istream<_CharT, _Traits>& std::basic_istream<_CharT, _Traits>::ignore' is not a static data member of 'class std::basic_istream<_CharT, _Traits>'
Dec 02 09:59:33.749 INFO [stderr]      ignore(streamsize __n, int_type __delim)
Dec 02 09:59:33.749 INFO [stderr]             ^
Dec 02 09:59:33.749 INFO [stderr] /usr/include/c++/5/bits/istream.tcc:555:12: error: template definition of non-template 'std::basic_istream<_CharT, _Traits>& std::basic_istream<_CharT, _Traits>::ignore'
Dec 02 09:59:33.749 INFO [stderr] /usr/include/c++/5/bits/istream.tcc:555:12: error: 'streamsize' was not declared in this scope
Dec 02 09:59:33.749 INFO [stderr] /usr/include/c++/5/bits/istream.tcc:555:37: error: expected primary-expression before '__delim'
Dec 02 09:59:33.749 INFO [stderr]      ignore(streamsize __n, int_type __delim)
Dec 02 09:59:33.749 INFO [stderr]                                      ^
Dec 02 09:59:33.749 INFO [stderr] /usr/include/c++/5/bits/istream.tcc: In member function 'std::basic_istream<_CharT, _Traits>::int_type std::basic_istream<_CharT, _Traits>::peek()':
Dec 02 09:59:33.749 INFO [stderr] /usr/include/c++/5/bits/istream.tcc:623:7: error: '_M_gcount' was not declared in this scope
Dec 02 09:59:33.749 INFO [stderr]        _M_gcount = 0;
Dec 02 09:59:33.749 INFO [stderr]        ^
Dec 02 09:59:33.749 INFO [stderr] /usr/include/c++/5/bits/istream.tcc: At global scope:
Dec 02 09:59:33.749 INFO [stderr] /usr/include/c++/5/bits/istream.tcc:650:26: error: 'streamsize' has not been declared
Dec 02 09:59:33.749 INFO [stderr]      read(char_type* __s, streamsize __n)
Dec 02 09:59:33.749 INFO [stderr]                           ^
Dec 02 09:59:33.749 INFO [stderr] /usr/include/c++/5/bits/istream.tcc: In member function 'std::basic_istream<_CharT, _Traits>& std::basic_istream<_CharT, _Traits>::read(std::basic_istream<_CharT, _Traits>::char_type*, int)':
Dec 02 09:59:33.749 INFO [stderr] /usr/include/c++/5/bits/istream.tcc:652:7: error: '_M_gcount' was not declared in this scope
Dec 02 09:59:33.749 INFO [stderr]        _M_gcount = 0;
Dec 02 09:59:33.749 INFO [stderr]        ^
Dec 02 09:59:33.749 INFO [stderr] /usr/include/c++/5/bits/istream.tcc: At global scope:
Dec 02 09:59:33.749 INFO [stderr] /usr/include/c++/5/bits/istream.tcc:677:5: error: 'streamsize' does not name a type
Dec 02 09:59:33.749 INFO [stderr]      streamsize
Dec 02 09:59:33.749 INFO [stderr]      ^
Dec 02 09:59:33.749 INFO [stderr] /usr/include/c++/5/bits/istream.tcc: In member function 'std::basic_istream<_CharT, _Traits>& std::basic_istream<_CharT, _Traits>::putback(std::basic_istream<_CharT, _Traits>::char_type)':
Dec 02 09:59:33.749 INFO [stderr] /usr/include/c++/5/bits/istream.tcc:715:7: error: '_M_gcount' was not declared in this scope
Dec 02 09:59:33.749 INFO [stderr]        _M_gcount = 0;
Dec 02 09:59:33.749 INFO [stderr]        ^
Dec 02 09:59:33.749 INFO [stderr] /usr/include/c++/5/bits/istream.tcc: In member function 'std::basic_istream<_CharT, _Traits>& std::basic_istream<_CharT, _Traits>::unget()':
Dec 02 09:59:33.749 INFO [stderr] /usr/include/c++/5/bits/istream.tcc:750:7: error: '_M_gcount' was not declared in this scope
Dec 02 09:59:33.749 INFO [stderr]        _M_gcount = 0;
Dec 02 09:59:33.749 INFO [stderr]        ^
Dec 02 09:59:33.749 INFO [stderr] /usr/include/c++/5/bits/istream.tcc: In function 'std::basic_istream<_CharT, _Traits>& std::operator>>(std::basic_istream<_CharT, _Traits>&, _CharT2*)':
Dec 02 09:59:33.749 INFO [stderr] /usr/include/c++/5/bits/istream.tcc:963:7: error: 'streamsize' was not declared in this scope
Dec 02 09:59:33.749 INFO [stderr]        streamsize __extracted = 0;
Dec 02 09:59:33.749 INFO [stderr]        ^
Dec 02 09:59:33.749 INFO [stderr] /usr/include/c++/5/bits/istream.tcc:971:19: error: expected ';' before '__num'
Dec 02 09:59:33.749 INFO [stderr]         streamsize __num = __in.width();
Dec 02 09:59:33.749 INFO [stderr]                    ^
Dec 02 09:59:33.749 INFO [stderr] /usr/include/c++/5/bits/istream.tcc:972:12: error: '__num' was not declared in this scope
Dec 02 09:59:33.749 INFO [stderr]         if (__num <= 0)
Dec 02 09:59:33.749 INFO [stderr]             ^
Dec 02 09:59:33.749 INFO [stderr] /usr/include/c++/5/bits/istream.tcc:973:39: error: the value of 'streamsize' is not usable in a constant expression
Dec 02 09:59:33.749 INFO [stderr]    __num = __gnu_cxx::__numeric_traits<streamsize>::__max;
Dec 02 09:59:33.749 INFO [stderr]                                        ^
Dec 02 09:59:33.749 INFO [stderr] /usr/include/c++/5/bits/istream.tcc:963:7: note: 'streamsize' was not declared 'constexpr'
Dec 02 09:59:33.749 INFO [stderr]        streamsize __extracted = 0;
Dec 02 09:59:33.749 INFO [stderr]        ^
Dec 02 09:59:33.749 INFO [stderr] /usr/include/c++/5/bits/istream.tcc:973:49: error: type/value mismatch at argument 1 in template parameter list for 'template<class _Value> struct __gnu_cxx::__numeric_traits'
Dec 02 09:59:33.749 INFO [stderr]    __num = __gnu_cxx::__numeric_traits<streamsize>::__max;
Dec 02 09:59:33.749 INFO [stderr]                                                  ^
Dec 02 09:59:33.749 INFO [stderr] /usr/include/c++/5/bits/istream.tcc:973:49: note:   expected a type, got 'streamsize'
Dec 02 09:59:33.749 INFO [stderr] /usr/include/c++/5/bits/istream.tcc:981:15: error: '__extracted' was not declared in this scope
Dec 02 09:59:33.749 INFO [stderr]         while (__extracted < __num - 1
Dec 02 09:59:33.749 INFO [stderr]                ^
Dec 02 09:59:33.749 INFO [stderr] /usr/include/c++/5/bits/istream.tcc:981:29: error: '__num' was not declared in this scope
Dec 02 09:59:33.749 INFO [stderr]         while (__extracted < __num - 1
Dec 02 09:59:33.749 INFO [stderr]                              ^
Dec 02 09:59:33.749 INFO [stderr] /usr/include/c++/5/bits/istream.tcc:1006:12: error: '__extracted' was not declared in this scope
Dec 02 09:59:33.749 INFO [stderr]        if (!__extracted)
Dec 02 09:59:33.749 INFO [stderr]             ^
Dec 02 09:59:33.749 INFO [stderr] In file included from /usr/include/c++/5/sstream:38:0,
Dec 02 09:59:33.749 INFO [stderr]                  from /cargo-home/registry/src/github.com-1ecc6299db9ec823/glsl-to-spirv-0.1.7/glslang/glslang/MachineIndependent/../Include/../Include/Common.h:55,
Dec 02 09:59:33.749 INFO [stderr]                  from /cargo-home/registry/src/github.com-1ecc6299db9ec823/glsl-to-spirv-0.1.7/glslang/glslang/MachineIndependent/../Include/intermediate.h:54,
Dec 02 09:59:33.749 INFO [stderr]                  from /cargo-home/registry/src/github.com-1ecc6299db9ec823/glsl-to-spirv-0.1.7/glslang/glslang/MachineIndependent/propagateNoContraction.h:42,
Dec 02 09:59:33.749 INFO [stderr]                  from /cargo-home/registry/src/github.com-1ecc6299db9ec823/glsl-to-spirv-0.1.7/glslang/glslang/MachineIndependent/propagateNoContraction.cpp:40:
Dec 02 09:59:33.749 INFO [stderr] /usr/include/c++/5/istream: In instantiation of 'class std::basic_iostream<char>':
Dec 02 09:59:33.749 INFO [stderr] /usr/include/c++/5/bits/istream.tcc:1063:25:   required from here
Dec 02 09:59:33.749 INFO [stderr] /usr/include/c++/5/istream:834:44: error: no type named 'pos_type' in 'struct std::char_traits<char>'
Dec 02 09:59:33.749 INFO [stderr]        typedef typename _Traits::pos_type   pos_type;
Dec 02 09:59:33.749 INFO [stderr]                                             ^
Dec 02 09:59:33.749 INFO [stderr] /usr/include/c++/5/istream:835:44: error: no type named 'off_type' in 'struct std::char_traits<char>'
Dec 02 09:59:33.749 INFO [stderr]        typedef typename _Traits::off_type   off_type;
Dec 02 09:59:33.749 INFO [stderr]                                             ^
Dec 02 09:59:33.749 INFO [stderr] /usr/include/c++/5/istream: In instantiation of 'class std::basic_iostream<wchar_t>':
Dec 02 09:59:33.749 INFO [stderr] /usr/include/c++/5/bits/istream.tcc:1085:25:   required from here
Dec 02 09:59:33.749 INFO [stderr] /usr/include/c++/5/istream:834:44: error: no type named 'pos_type' in 'struct std::char_traits<wchar_t>'
Dec 02 09:59:33.749 INFO [stderr]        typedef typename _Traits::pos_type   pos_type;
Dec 02 09:59:33.749 INFO [stderr]                                             ^
Dec 02 09:59:33.749 INFO [stderr] /usr/include/c++/5/istream:835:44: error: no type named 'off_type' in 'struct std::char_traits<wchar_t>'
Dec 02 09:59:33.749 INFO [stderr]        typedef typename _Traits::off_type   off_type;
Dec 02 09:59:33.749 INFO [stderr]                                             ^
Dec 02 09:59:33.749 INFO [stderr] In file included from /cargo-home/registry/src/github.com-1ecc6299db9ec823/glsl-to-spirv-0.1.7/glslang/glslang/MachineIndependent/../Include/../Include/Common.h:55:0,
Dec 02 09:59:33.749 INFO [stderr]                  from /cargo-home/registry/src/github.com-1ecc6299db9ec823/glsl-to-spirv-0.1.7/glslang/glslang/MachineIndependent/../Include/intermediate.h:54,
Dec 02 09:59:33.750 INFO [stderr]                  from /cargo-home/registry/src/github.com-1ecc6299db9ec823/glsl-to-spirv-0.1.7/glslang/glslang/MachineIndependent/propagateNoContraction.h:42,
Dec 02 09:59:33.750 INFO [stderr]                  from /cargo-home/registry/src/github.com-1ecc6299db9ec823/glsl-to-spirv-0.1.7/glslang/glslang/MachineIndependent/propagateNoContraction.cpp:40:
Dec 02 09:59:33.750 INFO [stderr] /usr/include/c++/5/sstream: At global scope:
Dec 02 09:59:33.750 INFO [stderr] /usr/include/c++/5/sstream:210:15: error: 'streamsize' does not name a type
Dec 02 09:59:33.750 INFO [stderr]        virtual streamsize
Dec 02 09:59:33.750 INFO [stderr]                ^
Dec 02 09:59:33.750 INFO [stderr] /usr/include/c++/5/sstream:243:30: error: 'streamsize' has not been declared
Dec 02 09:59:33.750 INFO [stderr]        setbuf(char_type* __s, streamsize __n)
Dec 02 09:59:33.750 INFO [stderr]                               ^
Dec 02 09:59:33.750 INFO [stderr] /usr/include/c++/5/sstream: In instantiation of 'class std::__cxx11::basic_stringbuf<char>':
Dec 02 09:59:33.750 INFO [stderr] /usr/include/c++/5/bits/sstream.tcc:272:25:   required from here
Dec 02 09:59:33.750 INFO [stderr] /usr/include/c++/5/sstream:76:48: error: no type named 'pos_type' in 'std::__cxx11::basic_stringbuf<char>::traits_type {aka struct std::char_traits<char>}'
Dec 02 09:59:33.750 INFO [stderr]        typedef typename traits_type::pos_type   pos_type;
Dec 02 09:59:33.750 INFO [stderr]                                                 ^
Dec 02 09:59:33.750 INFO [stderr] /usr/include/c++/5/sstream:77:48: error: no type named 'off_type' in 'std::__cxx11::basic_stringbuf<char>::traits_type {aka struct std::char_traits<char>}'
Dec 02 09:59:33.750 INFO [stderr]        typedef typename traits_type::off_type   off_type;
Dec 02 09:59:33.750 INFO [stderr]                                                 ^
Dec 02 09:59:33.750 INFO [stderr] /usr/include/c++/5/sstream: In instantiation of 'class std::__cxx11::basic_istringstream<char>':
Dec 02 09:59:33.750 INFO [stderr] /usr/include/c++/5/bits/sstream.tcc:273:25:   required from here
Dec 02 09:59:33.750 INFO [stderr] /usr/include/c++/5/sstream:377:48: error: no type named 'pos_type' in 'std::__cxx11::basic_istringstream<char>::traits_type {aka struct std::char_traits<char>}'
Dec 02 09:59:33.750 INFO [stderr]        typedef typename traits_type::pos_type   pos_type;
Dec 02 09:59:33.750 INFO [stderr]                                                 ^
Dec 02 09:59:33.750 INFO [stderr] /usr/include/c++/5/sstream:378:48: error: no type named 'off_type' in 'std::__cxx11::basic_istringstream<char>::traits_type {aka struct std::char_traits<char>}'
Dec 02 09:59:33.750 INFO [stderr]        typedef typename traits_type::off_type   off_type;
Dec 02 09:59:33.750 INFO [stderr]                                                 ^
Dec 02 09:59:33.750 INFO [stderr] /usr/include/c++/5/sstream: In instantiation of 'class std::__cxx11::basic_ostringstream<char>':
Dec 02 09:59:33.750 INFO [stderr] /usr/include/c++/5/bits/sstream.tcc:274:25:   required from here
Dec 02 09:59:33.750 INFO [stderr] /usr/include/c++/5/sstream:521:48: error: no type named 'pos_type' in 'std::__cxx11::basic_ostringstream<char>::traits_type {aka struct std::char_traits<char>}'
Dec 02 09:59:33.750 INFO [stderr]        typedef typename traits_type::pos_type   pos_type;
Dec 02 09:59:33.750 INFO [stderr]                                                 ^
Dec 02 09:59:33.750 INFO [stderr] /usr/include/c++/5/sstream:522:48: error: no type named 'off_type' in 'std::__cxx11::basic_ostringstream<char>::traits_type {aka struct std::char_traits<char>}'
Dec 02 09:59:33.750 INFO [stderr]        typedef typename traits_type::off_type   off_type;
Dec 02 09:59:33.750 INFO [stderr]                                                 ^
Dec 02 09:59:33.750 INFO [stderr] /usr/include/c++/5/sstream: In instantiation of 'class std::__cxx11::basic_stringstream<char>':
Dec 02 09:59:33.750 INFO [stderr] /usr/include/c++/5/bits/sstream.tcc:275:25:   required from here
Dec 02 09:59:33.750 INFO [stderr] /usr/include/c++/5/sstream:665:48: error: no type named 'pos_type' in 'std::__cxx11::basic_stringstream<char>::traits_type {aka struct std::char_traits<char>}'
Dec 02 09:59:33.750 INFO [stderr]        typedef typename traits_type::pos_type   pos_type;
Dec 02 09:59:33.750 INFO [stderr]                                                 ^
Dec 02 09:59:33.750 INFO [stderr] /usr/include/c++/5/sstream:666:48: error: no type named 'off_type' in 'std::__cxx11::basic_stringstream<char>::traits_type {aka struct std::char_traits<char>}'
Dec 02 09:59:33.750 INFO [stderr]        typedef typename traits_type::off_type   off_type;
Dec 02 09:59:33.750 INFO [stderr]                                                 ^
Dec 02 09:59:33.750 INFO [stderr] /usr/include/c++/5/sstream: In instantiation of 'class std::__cxx11::basic_stringbuf<wchar_t>':
Dec 02 09:59:33.750 INFO [stderr] /usr/include/c++/5/bits/sstream.tcc:278:25:   required from here
Dec 02 09:59:33.750 INFO [stderr] /usr/include/c++/5/sstream:76:48: error: no type named 'pos_type' in 'std::__cxx11::basic_stringbuf<wchar_t>::traits_type {aka struct std::char_traits<wchar_t>}'
Dec 02 09:59:33.750 INFO [stderr]        typedef typename traits_type::pos_type   pos_type;
Dec 02 09:59:33.750 INFO [stderr]                                                 ^
Dec 02 09:59:33.750 INFO [stderr] /usr/include/c++/5/sstream:77:48: error: no type named 'off_type' in 'std::__cxx11::basic_stringbuf<wchar_t>::traits_type {aka struct std::char_traits<wchar_t>}'
Dec 02 09:59:33.750 INFO [stderr]        typedef typename traits_type::off_type   off_type;
Dec 02 09:59:33.750 INFO [stderr]                                                 ^
Dec 02 09:59:33.750 INFO [stderr] /usr/include/c++/5/sstream: In instantiation of 'class std::__cxx11::basic_istringstream<wchar_t>':
Dec 02 09:59:33.750 INFO [stderr] /usr/include/c++/5/bits/sstream.tcc:279:25:   required from here
Dec 02 09:59:33.750 INFO [stderr] /usr/include/c++/5/sstream:377:48: error: no type named 'pos_type' in 'std::__cxx11::basic_istringstream<wchar_t>::traits_type {aka struct std::char_traits<wchar_t>}'
Dec 02 09:59:33.750 INFO [stderr]        typedef typename traits_type::pos_type   pos_type;
Dec 02 09:59:33.750 INFO [stderr]                                                 ^
Dec 02 09:59:33.750 INFO [stderr] /usr/include/c++/5/sstream:378:48: error: no type named 'off_type' in 'std::__cxx11::basic_istringstream<wchar_t>::traits_type {aka struct std::char_traits<wchar_t>}'
Dec 02 09:59:33.750 INFO [stderr]        typedef typename traits_type::off_type   off_type;
Dec 02 09:59:33.750 INFO [stderr]                                                 ^
Dec 02 09:59:33.750 INFO [stderr] /usr/include/c++/5/sstream: In instantiation of 'class std::__cxx11::basic_ostringstream<wchar_t>':
Dec 02 09:59:33.750 INFO [stderr] /usr/include/c++/5/bits/sstream.tcc:280:25:   required from here
Dec 02 09:59:33.750 INFO [stderr] /usr/include/c++/5/sstream:521:48: error: no type named 'pos_type' in 'std::__cxx11::basic_ostringstream<wchar_t>::traits_type {aka struct std::char_traits<wchar_t>}'
Dec 02 09:59:33.750 INFO [stderr]        typedef typename traits_type::pos_type   pos_type;
Dec 02 09:59:33.750 INFO [stderr]                                                 ^
Dec 02 09:59:33.750 INFO [stderr] /usr/include/c++/5/sstream:522:48: error: no type named 'off_type' in 'std::__cxx11::basic_ostringstream<wchar_t>::traits_type {aka struct std::char_traits<wchar_t>}'
Dec 02 09:59:33.750 INFO [stderr]        typedef typename traits_type::off_type   off_type;
Dec 02 09:59:33.750 INFO [stderr]                                                 ^
Dec 02 09:59:33.750 INFO [stderr] /usr/include/c++/5/sstream: In instantiation of 'class std::__cxx11::basic_stringstream<wchar_t>':
Dec 02 09:59:33.750 INFO [stderr] /usr/include/c++/5/bits/sstream.tcc:281:25:   required from here
Dec 02 09:59:33.750 INFO [stderr] /usr/include/c++/5/sstream:665:48: error: no type named 'pos_type' in 'std::__cxx11::basic_stringstream<wchar_t>::traits_type {aka struct std::char_traits<wchar_t>}'
Dec 02 09:59:33.750 INFO [stderr]        typedef typename traits_type::pos_type   pos_type;
Dec 02 09:59:33.750 INFO [stderr]                                                 ^
Dec 02 09:59:33.750 INFO [stderr] /usr/include/c++/5/sstream:666:48: error: no type named 'off_type' in 'std::__cxx11::basic_stringstream<wchar_t>::traits_type {aka struct std::char_traits<wchar_t>}'
Dec 02 09:59:33.750 INFO [stderr]        typedef typename traits_type::off_type   off_type;
Dec 02 09:59:33.751 INFO [stderr]                                                 ^
Dec 02 09:59:33.751 INFO [stderr] In file included from /usr/include/c++/5/random:51:0,
Dec 02 09:59:33.751 INFO [stderr]                  from /usr/include/c++/5/bits/stl_algo.h:66,
Dec 02 09:59:33.751 INFO [stderr]                  from /usr/include/c++/5/algorithm:62,
Dec 02 09:59:33.751 INFO [stderr]                  from /cargo-home/registry/src/github.com-1ecc6299db9ec823/glsl-to-spirv-0.1.7/glslang/glslang/MachineIndependent/../Include/../Include/Common.h:94,
Dec 02 09:59:33.751 INFO [stderr]                  from /cargo-home/registry/src/github.com-1ecc6299db9ec823/glsl-to-spirv-0.1.7/glslang/glslang/MachineIndependent/../Include/intermediate.h:54,
Dec 02 09:59:33.751 INFO [stderr]                  from /cargo-home/registry/src/github.com-1ecc6299db9ec823/glsl-to-spirv-0.1.7/glslang/glslang/MachineIndependent/propagateNoContraction.h:42,
Dec 02 09:59:33.751 INFO [stderr]                  from /cargo-home/registry/src/github.com-1ecc6299db9ec823/glsl-to-spirv-0.1.7/glslang/glslang/MachineIndependent/propagateNoContraction.cpp:40:
Dec 02 09:59:33.751 INFO [stderr] /usr/include/c++/5/bits/random.tcc: In function 'std::basic_ostream<_CharT, _Traits>& std::operator<<(std::basic_ostream<_CharT, _Traits>&, const std::uniform_real_distribution<_IntType>&)':
Dec 02 09:59:33.751 INFO [stderr] /usr/include/c++/5/bits/random.tcc:944:18: error: 'streamsize' in namespace 'std' does not name a type
Dec 02 09:59:33.751 INFO [stderr]        const std::streamsize __precision = __os.precision();
Dec 02 09:59:33.751 INFO [stderr]                   ^
Dec 02 09:59:33.751 INFO [stderr] /usr/include/c++/5/bits/random.tcc:954:22: error: '__precision' was not declared in this scope
Dec 02 09:59:33.751 INFO [stderr]        __os.precision(__precision);
Dec 02 09:59:33.751 INFO [stderr]                       ^
Dec 02 09:59:33.751 INFO [stderr] /usr/include/c++/5/bits/random.tcc: In function 'std::basic_ostream<_CharT, _Traits>& std::operator<<(std::basic_ostream<_CharT, _Traits>&, const std::bernoulli_distribution&)':
Dec 02 09:59:33.751 INFO [stderr] /usr/include/c++/5/bits/random.tcc:1006:18: error: 'streamsize' in namespace 'std' does not name a type
Dec 02 09:59:33.751 INFO [stderr]        const std::streamsize __precision = __os.precision();
Dec 02 09:59:33.751 INFO [stderr]                   ^
Dec 02 09:59:33.751 INFO [stderr] /usr/include/c++/5/bits/random.tcc:1015:22: error: '__precision' was not declared in this scope
Dec 02 09:59:33.751 INFO [stderr]        __os.precision(__precision);
Dec 02 09:59:33.751 INFO [stderr]                       ^
Dec 02 09:59:33.751 INFO [stderr] /usr/include/c++/5/bits/random.tcc: In function 'std::basic_ostream<_CharT, _Traits>& std::operator<<(std::basic_ostream<_CharT, _Traits>&, const std::geometric_distribution<_IntType>&)':
Dec 02 09:59:33.751 INFO [stderr] /usr/include/c++/5/bits/random.tcc:1088:18: error: 'streamsize' in namespace 'std' does not name a type
Dec 02 09:59:33.751 INFO [stderr]        const std::streamsize __precision = __os.precision();
Dec 02 09:59:33.751 INFO [stderr]                   ^
Dec 02 09:59:33.751 INFO [stderr] /usr/include/c++/5/bits/random.tcc:1097:22: error: '__precision' was not declared in this scope
Dec 02 09:59:33.751 INFO [stderr]        __os.precision(__precision);
Dec 02 09:59:33.751 INFO [stderr]                       ^
Dec 02 09:59:33.751 INFO [stderr] /usr/include/c++/5/bits/random.tcc: In function 'std::basic_ostream<_CharT, _Traits>& std::operator<<(std::basic_ostream<_CharT, _Traits>&, const std::negative_binomial_distribution<_IntType>&)':
Dec 02 09:59:33.751 INFO [stderr] /usr/include/c++/5/bits/random.tcc:1203:18: error: 'streamsize' in namespace 'std' does not name a type
Dec 02 09:59:33.751 INFO [stderr]        const std::streamsize __precision = __os.precision();
Dec 02 09:59:33.751 INFO [stderr]                   ^
Dec 02 09:59:33.751 INFO [stderr] /usr/include/c++/5/bits/random.tcc:1214:22: error: '__precision' was not declared in this scope
Dec 02 09:59:33.751 INFO [stderr]        __os.precision(__precision);
Dec 02 09:59:33.751 INFO [stderr]                       ^
Dec 02 09:59:33.751 INFO [stderr] /usr/include/c++/5/bits/random.tcc: In function 'std::basic_ostream<_CharT, _Traits>& std::operator<<(std::basic_ostream<_CharT, _Traits>&, const std::poisson_distribution<_IntType>&)':
Dec 02 09:59:33.751 INFO [stderr] /usr/include/c++/5/bits/random.tcc:1408:18: error: 'streamsize' in namespace 'std' does not name a type
Dec 02 09:59:33.751 INFO [stderr]        const std::streamsize __precision = __os.precision();
Dec 02 09:59:33.751 INFO [stderr]                   ^
Dec 02 09:59:33.751 INFO [stderr] /usr/include/c++/5/bits/random.tcc:1418:22: error: '__precision' was not declared in this scope
Dec 02 09:59:33.751 INFO [stderr]        __os.precision(__precision);
Dec 02 09:59:33.751 INFO [stderr]                       ^
Dec 02 09:59:33.751 INFO [stderr] /usr/include/c++/5/bits/random.tcc: In function 'std::basic_ostream<_CharT, _Traits>& std::operator<<(std::basic_ostream<_CharT, _Traits>&, const std::binomial_distribution<_IntType>&)':
Dec 02 09:59:33.751 INFO [stderr] /usr/include/c++/5/bits/random.tcc:1675:18: error: 'streamsize' in namespace 'std' does not name a type
Dec 02 09:59:33.751 INFO [stderr]        const std::streamsize __precision = __os.precision();
Dec 02 09:59:33.751 INFO [stderr]                   ^
Dec 02 09:59:33.751 INFO [stderr] /usr/include/c++/5/bits/random.tcc:1686:22: error: '__precision' was not declared in this scope
Dec 02 09:59:33.751 INFO [stderr]        __os.precision(__precision);
Dec 02 09:59:33.751 INFO [stderr]                       ^
Dec 02 09:59:33.751 INFO [stderr] /usr/include/c++/5/bits/random.tcc: In function 'std::basic_ostream<_CharT, _Traits>& std::operator<<(std::basic_ostream<_CharT, _Traits>&, const std::exponential_distribution<_RealType>&)':
Dec 02 09:59:33.751 INFO [stderr] /usr/include/c++/5/bits/random.tcc:1739:18: error: 'streamsize' in namespace 'std' does not name a type
Dec 02 09:59:33.751 INFO [stderr]        const std::streamsize __precision = __os.precision();
Dec 02 09:59:33.751 INFO [stderr]                   ^
Dec 02 09:59:33.751 INFO [stderr] /usr/include/c++/5/bits/random.tcc:1748:22: error: '__precision' was not declared in this scope
Dec 02 09:59:33.751 INFO [stderr]        __os.precision(__precision);
Dec 02 09:59:33.751 INFO [stderr]                       ^
Dec 02 09:59:33.751 INFO [stderr] /usr/include/c++/5/bits/random.tcc: In function 'std::basic_ostream<_CharT, _Traits>& std::operator<<(std::basic_ostream<_CharT, _Traits>&, const std::normal_distribution<_RealType>&)':
Dec 02 09:59:33.751 INFO [stderr] /usr/include/c++/5/bits/random.tcc:1906:18: error: 'streamsize' in namespace 'std' does not name a type
Dec 02 09:59:33.751 INFO [stderr]        const std::streamsize __precision = __os.precision();
Dec 02 09:59:33.751 INFO [stderr]                   ^
Dec 02 09:59:33.751 INFO [stderr] /usr/include/c++/5/bits/random.tcc:1919:22: error: '__precision' was not declared in this scope
Dec 02 09:59:33.751 INFO [stderr]        __os.precision(__precision);
Dec 02 09:59:33.751 INFO [stderr]                       ^
Dec 02 09:59:33.751 INFO [stderr] /usr/include/c++/5/bits/random.tcc: In function 'std::basic_ostream<_CharT, _Traits>& std::operator<<(std::basic_ostream<_CharT, _Traits>&, const std::lognormal_distribution<_RealType>&)':
Dec 02 09:59:33.751 INFO [stderr] /usr/include/c++/5/bits/random.tcc:1971:18: error: 'streamsize' in namespace 'std' does not name a type
Dec 02 09:59:33.751 INFO [stderr]        const std::streamsize __precision = __os.precision();
Dec 02 09:59:33.751 INFO [stderr]                   ^
Dec 02 09:59:33.751 INFO [stderr] /usr/include/c++/5/bits/random.tcc:1982:22: error: '__precision' was not declared in this scope
Dec 02 09:59:33.751 INFO [stderr]        __os.precision(__precision);
Dec 02 09:59:33.751 INFO [stderr]                       ^
Dec 02 09:59:33.751 INFO [stderr] /usr/include/c++/5/bits/random.tcc: In function 'std::basic_ostream<_CharT, _Traits>& std::operator<<(std::basic_ostream<_CharT, _Traits>&, const std::chi_squared_distribution<_RealType>&)':
Dec 02 09:59:33.751 INFO [stderr] /usr/include/c++/5/bits/random.tcc:2044:18: error: 'streamsize' in namespace 'std' does not name a type
Dec 02 09:59:33.751 INFO [stderr]        const std::streamsize __precision = __os.precision();
Dec 02 09:59:33.751 INFO [stderr]                   ^
Dec 02 09:59:33.751 INFO [stderr] /usr/include/c++/5/bits/random.tcc:2054:22: error: '__precision' was not declared in this scope
Dec 02 09:59:33.751 INFO [stderr]        __os.precision(__precision);
Dec 02 09:59:33.751 INFO [stderr]                       ^
Dec 02 09:59:33.751 INFO [stderr] /usr/include/c++/5/bits/random.tcc: In function 'std::basic_ostream<_CharT, _Traits>& std::operator<<(std::basic_ostream<_CharT, _Traits>&, const std::cauchy_distribution<_RealType>&)':
Dec 02 09:59:33.751 INFO [stderr] /usr/include/c++/5/bits/random.tcc:2131:18: error: 'streamsize' in namespace 'std' does not name a type
Dec 02 09:59:33.751 INFO [stderr]        const std::streamsize __precision = __os.precision();
Dec 02 09:59:33.751 INFO [stderr]                   ^
Dec 02 09:59:33.751 INFO [stderr] /usr/include/c++/5/bits/random.tcc:2141:22: error: '__precision' was not declared in this scope
Dec 02 09:59:33.751 INFO [stderr]        __os.precision(__precision);
Dec 02 09:59:33.751 INFO [stderr]                       ^
Dec 02 09:59:33.751 INFO [stderr] /usr/include/c++/5/bits/random.tcc: In function 'std::basic_ostream<_CharT, _Traits>& std::operator<<(std::basic_ostream<_CharT, _Traits>&, const std::fisher_f_distribution<_RealType>&)':
Dec 02 09:59:33.752 INFO [stderr] /usr/include/c++/5/bits/random.tcc:2208:18: error: 'streamsize' in namespace 'std' does not name a type
Dec 02 09:59:33.752 INFO [stderr]        const std::streamsize __precision = __os.precision();
Dec 02 09:59:33.752 INFO [stderr]                   ^
Dec 02 09:59:33.752 INFO [stderr] /usr/include/c++/5/bits/random.tcc:2219:22: error: '__precision' was not declared in this scope
Dec 02 09:59:33.752 INFO [stderr]        __os.precision(__precision);
Dec 02 09:59:33.752 INFO [stderr]                       ^
Dec 02 09:59:33.752 INFO [stderr] /usr/include/c++/5/bits/random.tcc: In function 'std::basic_ostream<_CharT, _Traits>& std::operator<<(std::basic_ostream<_CharT, _Traits>&, const std::student_t_distribution<_RealType>&)':
Dec 02 09:59:33.752 INFO [stderr] /usr/include/c++/5/bits/random.tcc:2283:18: error: 'streamsize' in namespace 'std' does not name a type
Dec 02 09:59:33.752 INFO [stderr]        const std::streamsize __precision = __os.precision();
Dec 02 09:59:33.752 INFO [stderr]                   ^
Dec 02 09:59:33.752 INFO [stderr] /usr/include/c++/5/bits/random.tcc:2293:22: error: '__precision' was not declared in this scope
Dec 02 09:59:33.752 INFO [stderr]        __os.precision(__precision);
Dec 02 09:59:33.752 INFO [stderr]                       ^
Dec 02 09:59:33.752 INFO [stderr] /usr/include/c++/5/bits/random.tcc: In function 'std::basic_ostream<_CharT, _Traits>& std::operator<<(std::basic_ostream<_CharT, _Traits>&, const std::gamma_distribution<_RealType>&)':
Dec 02 09:59:33.752 INFO [stderr] /usr/include/c++/5/bits/random.tcc:2452:18: error: 'streamsize' in namespace 'std' does not name a type
Dec 02 09:59:33.752 INFO [stderr]        const std::streamsize __precision = __os.precision();
Dec 02 09:59:33.752 INFO [stderr]                   ^
Dec 02 09:59:33.752 INFO [stderr] /usr/include/c++/5/bits/random.tcc:2463:22: error: '__precision' was not declared in this scope
Dec 02 09:59:33.752 INFO [stderr]        __os.precision(__precision);
Dec 02 09:59:33.752 INFO [stderr]                       ^
Dec 02 09:59:33.752 INFO [stderr] /usr/include/c++/5/bits/random.tcc: In function 'std::basic_ostream<_CharT, _Traits>& std::operator<<(std::basic_ostream<_CharT, _Traits>&, const std::weibull_distribution<_RealType>&)':
Dec 02 09:59:33.752 INFO [stderr] /usr/include/c++/5/bits/random.tcc:2530:18: error: 'streamsize' in namespace 'std' does not name a type
Dec 02 09:59:33.752 INFO [stderr]        const std::streamsize __precision = __os.precision();
Dec 02 09:59:33.752 INFO [stderr]                   ^
Dec 02 09:59:33.752 INFO [stderr] /usr/include/c++/5/bits/random.tcc:2540:22: error: '__precision' was not declared in this scope
Dec 02 09:59:33.752 INFO [stderr]        __os.precision(__precision);
Dec 02 09:59:33.752 INFO [stderr]                       ^
Dec 02 09:59:33.752 INFO [stderr] /usr/include/c++/5/bits/random.tcc: In function 'std::basic_ostream<_CharT, _Traits>& std::operator<<(std::basic_ostream<_CharT, _Traits>&, const std::extreme_value_distribution<_RealType>&)':
Dec 02 09:59:33.752 INFO [stderr] /usr/include/c++/5/bits/random.tcc:2606:18: error: 'streamsize' in namespace 'std' does not name a type
Dec 02 09:59:33.752 INFO [stderr]        const std::streamsize __precision = __os.precision();
Dec 02 09:59:33.752 INFO [stderr]                   ^
Dec 02 09:59:33.752 INFO [stderr] /usr/include/c++/5/bits/random.tcc:2616:22: error: '__precision' was not declared in this scope
Dec 02 09:59:33.752 INFO [stderr]        __os.precision(__precision);
Dec 02 09:59:33.752 INFO [stderr]                       ^
Dec 02 09:59:33.752 INFO [stderr] /usr/include/c++/5/bits/random.tcc: In function 'std::basic_ostream<_CharT, _Traits>& std::operator<<(std::basic_ostream<_CharT, _Traits>&, const std::discrete_distribution<_IntType>&)':
Dec 02 09:59:33.752 INFO [stderr] /usr/include/c++/5/bits/random.tcc:2742:18: error: 'streamsize' in namespace 'std' does not name a type
Dec 02 09:59:33.752 INFO [stderr]        const std::streamsize __precision = __os.precision();
Dec 02 09:59:33.752 INFO [stderr]                   ^
Dec 02 09:59:33.752 INFO [stderr] /usr/include/c++/5/bits/random.tcc:2755:22: error: '__precision' was not declared in this scope
Dec 02 09:59:33.752 INFO [stderr]        __os.precision(__precision);
Dec 02 09:59:33.752 INFO [stderr]                       ^
Dec 02 09:59:33.752 INFO [stderr] /usr/include/c++/5/bits/random.tcc: In function 'std::basic_ostream<_CharT, _Traits>& std::operator<<(std::basic_ostream<_CharT, _Traits>&, const std::piecewise_constant_distribution<_RealType>&)':
Dec 02 09:59:33.752 INFO [stderr] /usr/include/c++/5/bits/random.tcc:2952:18: error: 'streamsize' in namespace 'std' does not name a type
Dec 02 09:59:33.752 INFO [stderr]        const std::streamsize __precision = __os.precision();
Dec 02 09:59:33.752 INFO [stderr]                   ^
Dec 02 09:59:33.752 INFO [stderr] /usr/include/c++/5/bits/random.tcc:2970:22: error: '__precision' was not declared in this scope
Dec 02 09:59:33.752 INFO [stderr]        __os.precision(__precision);
Dec 02 09:59:33.752 INFO [stderr]                       ^
Dec 02 09:59:33.752 INFO [stderr] /usr/include/c++/5/bits/random.tcc: In function 'std::basic_ostream<_CharT, _Traits>& std::operator<<(std::basic_ostream<_CharT, _Traits>&, const std::piecewise_linear_distribution<_RealType>&)':
Dec 02 09:59:33.752 INFO [stderr] /usr/include/c++/5/bits/random.tcc:3168:18: error: 'streamsize' in namespace 'std' does not name a type
Dec 02 09:59:33.752 INFO [stderr]        const std::streamsize __precision = __os.precision();
Dec 02 09:59:33.752 INFO [stderr]                   ^
Dec 02 09:59:33.752 INFO [stderr] /usr/include/c++/5/bits/random.tcc:3186:22: error: '__precision' was not declared in this scope
Dec 02 09:59:33.752 INFO [stderr]        __os.precision(__precision);
Dec 02 09:59:33.752 INFO [stderr]                       ^
Dec 02 09:59:33.752 INFO [stderr] make[2]: *** [glslang/CMakeFiles/glslang.dir/MachineIndependent/propagateNoContraction.cpp.o] Error 1
Dec 02 09:59:33.752 INFO [stderr] make[1]: *** [glslang/CMakeFiles/glslang.dir/all] Error 2
Dec 02 09:59:33.752 INFO [stderr] make: *** [all] Error 2
Dec 02 09:59:33.752 INFO [stderr] thread 'main' panicked at '
Dec 02 09:59:33.752 INFO [stderr] command did not execute successfully, got: exit code: 2
Dec 02 09:59:33.752 INFO [stderr] 
Dec 02 09:59:33.752 INFO [stderr] build script failed, must exit now', /cargo-home/registry/src/github.com-1ecc6299db9ec823/cmake-0.1.35/src/lib.rs:778:5
Dec 02 09:59:33.752 INFO [stderr] stack backtrace:
Dec 02 09:59:33.752 INFO [stderr]    0:     0x55adcbda871f - std::sys::unix::backtrace::tracing::imp::unwind_backtrace::h3a8b83e1922cbdde
Dec 02 09:59:33.752 INFO [stderr]                                at libstd/sys/unix/backtrace/tracing/gcc_s.rs:49
Dec 02 09:59:33.752 INFO [stderr]    1:     0x55adcbdb4c77 - std::sys_common::backtrace::print::h00d3155a29b4020f
Dec 02 09:59:33.752 INFO [stderr]                                at libstd/sys_common/backtrace.rs:71
Dec 02 09:59:33.752 INFO [stderr]                                at libstd/sys_common/backtrace.rs:59
Dec 02 09:59:33.752 INFO [stderr]    2:     0x55adcbdad92f - std::panicking::default_hook::{{closure}}::hd7465c742e79e1bb
Dec 02 09:59:33.752 INFO [stderr]                                at libstd/panicking.rs:211
Dec 02 09:59:33.752 INFO [stderr]    3:     0x55adcbdad694 - std::panicking::default_hook::h9e3966f2aa2a6e12
Dec 02 09:59:33.752 INFO [stderr]                                at libstd/panicking.rs:227
Dec 02 09:59:33.752 INFO [stderr]    4:     0x55adcbdadfae - std::panicking::rust_panic_with_hook::h587f091ae747d080
Dec 02 09:59:33.752 INFO [stderr]                                at libstd/panicking.rs:476
Dec 02 09:59:33.752 INFO [stderr]    5:     0x55adcbdadb51 - std::panicking::continue_panic_fmt::hb3a4fdede87f43a8
Dec 02 09:59:33.752 INFO [stderr]                                at libstd/panicking.rs:390
Dec 02 09:59:33.752 INFO [stderr]    6:     0x55adcbdada9e - std::panicking::begin_panic_fmt::h387afc7da9a10555
Dec 02 09:59:33.752 INFO [stderr]                                at libstd/panicking.rs:345
Dec 02 09:59:33.752 INFO [stderr]    7:     0x55adcbd2f966 - cmake::fail::hcd2e63fcaa220c82
Dec 02 09:59:33.752 INFO [stderr]                                at /cargo-home/registry/src/github.com-1ecc6299db9ec823/cmake-0.1.35/src/lib.rs:778
Dec 02 09:59:33.752 INFO [stderr]    8:     0x55adcbd2f24b - cmake::run::hdfed138c33e80291
Dec 02 09:59:33.752 INFO [stderr]                                at /cargo-home/registry/src/github.com-1ecc6299db9ec823/cmake-0.1.35/src/lib.rs:759
Dec 02 09:59:33.752 INFO [stderr]    9:     0x55adcbd2b7a6 - cmake::Config::build::h76cbbb2847bda161
Dec 02 09:59:33.752 INFO [stderr]                                at /cargo-home/registry/src/github.com-1ecc6299db9ec823/cmake-0.1.35/src/lib.rs:671
Dec 02 09:59:33.752 INFO [stderr]   10:     0x55adcbd1d624 - cmake::build::h2c44d510a7e02779
Dec 02 09:59:33.753 INFO [stderr]                                at /cargo-home/registry/src/github.com-1ecc6299db9ec823/cmake-0.1.35/src/lib.rs:97
Dec 02 09:59:33.753 INFO [stderr]   11:     0x55adcbd1b6ab - build_script_build::main::h5699d02158562530
Dec 02 09:59:33.753 INFO [stderr]                                at /cargo-home/registry/src/github.com-1ecc6299db9ec823/glsl-to-spirv-0.1.7/build/build.rs:37
Dec 02 09:59:33.753 INFO [stderr]   12:     0x55adcbd1c7df - std::rt::lang_start::{{closure}}::h1a53f1a6e7e95d88
Dec 02 09:59:33.753 INFO [stderr]                                at libstd/rt.rs:74
Dec 02 09:59:33.753 INFO [stderr]   13:     0x55adcbdad9d2 - std::panicking::try::do_call::h52e7f80ff0fdcc45
Dec 02 09:59:33.753 INFO [stderr]                                at libstd/rt.rs:59
Dec 02 09:59:33.753 INFO [stderr]                                at libstd/panicking.rs:310
Dec 02 09:59:33.753 INFO [stderr]   14:     0x55adcbdbfc29 - __rust_maybe_catch_panic
Dec 02 09:59:33.753 INFO [stderr]                                at libpanic_unwind/lib.rs:102
Dec 02 09:59:33.753 INFO [stderr]   15:     0x55adcbd9967a - std::rt::lang_start_internal::h38cae898de7f805c
Dec 02 09:59:33.753 INFO [stderr]                                at libstd/panicking.rs:289
Dec 02 09:59:33.753 INFO [stderr]                                at libstd/panic.rs:392
Dec 02 09:59:33.753 INFO [stderr]                                at libstd/rt.rs:58
Dec 02 09:59:33.753 INFO [stderr]   16:     0x55adcbd1c7b8 - std::rt::lang_start::haad118566713735b
Dec 02 09:59:33.753 INFO [stderr]                                at libstd/rt.rs:74
Dec 02 09:59:33.753 INFO [stderr]   17:     0x55adcbd1b979 - main
Dec 02 09:59:33.753 INFO [stderr]   18:     0x7ff41117382f - __libc_start_main
Dec 02 09:59:33.753 INFO [stderr]   19:     0x55adcbd1a018 - _start
Dec 02 09:59:33.753 INFO [stderr]   20:                0x0 - <unknown>
Dec 02 09:59:33.753 INFO [stderr] 
Dec 02 09:59:33.753 INFO [stderr] warning: build failed, waiting for other jobs to finish...
Dec 02 10:00:14.934 INFO [stderr] error: build failed
Dec 02 10:00:14.937 INFO [stderr] su: No module specific data is present
Dec 02 10:00:15.687 INFO running `"docker" "inspect" "b18fb5849056505b2babf558895d36bef38c3735f44aff80398fc16d3ff7a1f5"`
Dec 02 10:00:16.055 INFO running `"docker" "rm" "-f" "b18fb5849056505b2babf558895d36bef38c3735f44aff80398fc16d3ff7a1f5"`
Dec 02 10:00:16.407 INFO [stdout] b18fb5849056505b2babf558895d36bef38c3735f44aff80398fc16d3ff7a1f5
